CRAN Package Check Results for Package pguIMP

Last updated on 2022-08-14 04:50:20 CEST.

Flavor Version Tinstall Tcheck Ttotal Status Flags
r-devel-linux-x86_64-debian-clang 0.0.0.3 57.36 269.31 326.67 OK
r-devel-linux-x86_64-debian-gcc 0.0.0.3 44.19 195.85 240.04 OK
r-devel-linux-x86_64-fedora-clang 0.0.0.3 384.74 NOTE
r-devel-linux-x86_64-fedora-gcc 0.0.0.3 414.39 NOTE
r-devel-windows-x86_64 0.0.0.3 345.00 253.00 598.00 NOTE
r-patched-linux-x86_64 0.0.0.3 55.81 247.04 302.85 OK
r-release-linux-x86_64 0.0.0.3 48.95 242.45 291.40 OK
r-release-macos-arm64 0.0.0.3 92.00 NOTE
r-release-macos-x86_64 0.0.0.3 189.00 NOTE
r-release-windows-x86_64 0.0.0.3 239.00 255.00 494.00 NOTE
r-oldrel-macos-arm64 0.0.0.3 102.00 NOTE
r-oldrel-macos-x86_64 0.0.0.3 129.00 NOTE
r-oldrel-windows-ix86+x86_64 0.0.0.3 103.00 259.00 362.00 NOTE

Check Details

Version: 0.0.0.3
Check: package dependencies
Result: NOTE
    Imports includes 38 non-default packages.
    Importing from so many packages makes the package vulnerable to any of
    them becoming unavailable. Move as many as possible to Suggests and
    use conditionally.
Flavor: r-devel-linux-x86_64-fedora-clang

Version: 0.0.0.3
Check: installed package size
Result: NOTE
     installed size is 6.5Mb
     sub-directories of 1Mb or more:
     application 5.0Mb
Flavors: r-devel-linux-x86_64-fedora-clang, r-devel-windows-x86_64, r-release-macos-arm64, r-release-macos-x86_64, r-release-windows-x86_64, r-oldrel-macos-arm64, r-oldrel-macos-x86_64, r-oldrel-windows-ix86+x86_64

Version: 0.0.0.3
Check: dependencies in R code
Result: NOTE
    Namespaces in Imports field not imported from:
     ‘rJava’ ‘shinyWidgets’ ‘shinydashboard’ ‘shinyjs’
     All declared Imports should be used.
Flavors: r-devel-linux-x86_64-fedora-clang, r-devel-linux-x86_64-fedora-gcc, r-release-macos-arm64, r-release-macos-x86_64, r-oldrel-macos-arm64, r-oldrel-macos-x86_64