CRAN Package Check Results for Package ph2mult

Last updated on 2022-08-13 04:57:55 CEST.

Flavor Version Tinstall Tcheck Ttotal Status Flags
r-devel-linux-x86_64-debian-clang 0.1.1 2.21 33.49 35.70 NOTE
r-devel-linux-x86_64-debian-gcc 0.1.1 1.93 24.87 26.80 NOTE
r-devel-linux-x86_64-fedora-clang 0.1.1 51.95 NOTE
r-devel-linux-x86_64-fedora-gcc 0.1.1 51.07 NOTE
r-devel-windows-x86_64 0.1.1 9.00 60.00 69.00 NOTE
r-patched-linux-x86_64 0.1.1 2.82 31.48 34.30 NOTE
r-release-linux-x86_64 0.1.1 2.34 30.55 32.89 NOTE
r-release-macos-arm64 0.1.1 16.00 NOTE
r-release-macos-x86_64 0.1.1 23.00 NOTE
r-release-windows-x86_64 0.1.1 11.00 63.00 74.00 NOTE
r-oldrel-macos-arm64 0.1.1 36.00 NOTE
r-oldrel-macos-x86_64 0.1.1 29.00 NOTE
r-oldrel-windows-ix86+x86_64 0.1.1 6.00 54.00 60.00 NOTE

Check Details

Version: 0.1.1
Check: LazyData
Result: NOTE
     'LazyData' is specified without a 'data' directory
Flavors: r-devel-linux-x86_64-debian-clang, r-devel-linux-x86_64-debian-gcc, r-devel-linux-x86_64-fedora-clang, r-devel-linux-x86_64-fedora-gcc, r-devel-windows-x86_64, r-patched-linux-x86_64, r-release-linux-x86_64, r-release-macos-arm64, r-release-macos-x86_64, r-release-windows-x86_64, r-oldrel-macos-arm64, r-oldrel-macos-x86_64, r-oldrel-windows-ix86+x86_64