Last updated on 2023-12-02 03:57:49 CET.
Flavor | Version | Tinstall | Tcheck | Ttotal | Status | Flags |
---|---|---|---|---|---|---|
r-devel-linux-x86_64-debian-clang | 1.2.9 | 14.31 | 146.20 | 160.51 | NOTE | |
r-devel-linux-x86_64-debian-gcc | 1.2.9 | 11.24 | 110.81 | 122.05 | NOTE | |
r-devel-linux-x86_64-fedora-clang | 1.2.9 | 198.37 | OK | |||
r-devel-linux-x86_64-fedora-gcc | 1.2.9 | 185.59 | OK | |||
r-devel-windows-x86_64 | 1.2.9 | 13.00 | 113.00 | 126.00 | OK | |
r-patched-linux-x86_64 | 1.2.9 | 13.77 | 143.38 | 157.15 | OK | |
r-release-linux-x86_64 | 1.2.9 | 9.26 | 141.20 | 150.46 | OK | |
r-release-macos-arm64 | 1.2.9 | 55.00 | OK | |||
r-release-macos-x86_64 | 1.2.9 | 86.00 | OK | |||
r-release-windows-x86_64 | 1.2.9 | 18.00 | 144.00 | 162.00 | OK | |
r-oldrel-macos-arm64 | 1.2.9 | 41.00 | OK | |||
r-oldrel-macos-x86_64 | 1.2.9 | 65.00 | OK | |||
r-oldrel-windows-x86_64 | 1.2.9 | 18.00 | 144.00 | 162.00 | OK |
Version: 1.2.9
Check: Rd files
Result: NOTE
checkRd: (-1) rosePlotsAct.Rd:19: Lost braces; missing escapes or markup?
19 | A \code{plotly} {htmlwidget} with rose plots for locomotor activity.
| ^
checkRd: (-1) rosePlotsSleep.Rd:19: Lost braces; missing escapes or markup?
19 | #' @return A \code{plotly} {htmlwidget} with rose plots for sleep data.
| ^
Flavors: r-devel-linux-x86_64-debian-clang, r-devel-linux-x86_64-debian-gcc