CRAN Package Check Results for Package phecodemap

Last updated on 2022-08-15 04:50:22 CEST.

Flavor Version Tinstall Tcheck Ttotal Status Flags
r-devel-linux-x86_64-debian-clang 0.1.0 9.76 88.73 98.49 OK
r-devel-linux-x86_64-debian-gcc 0.1.0 9.22 64.11 73.33 OK
r-devel-linux-x86_64-fedora-clang 0.1.0 132.67 NOTE
r-devel-linux-x86_64-fedora-gcc 0.1.0 131.73 NOTE
r-devel-windows-x86_64 0.1.0 46.00 112.00 158.00 OK
r-patched-linux-x86_64 0.1.0 9.94 82.64 92.58 OK
r-release-linux-x86_64 0.1.0 11.30 81.55 92.85 OK
r-release-macos-arm64 0.1.0 39.00 NOTE
r-release-macos-x86_64 0.1.0 60.00 NOTE
r-release-windows-x86_64 0.1.0 39.00 120.00 159.00 OK
r-oldrel-macos-arm64 0.1.0 40.00 NOTE
r-oldrel-macos-x86_64 0.1.0 51.00 NOTE
r-oldrel-windows-ix86+x86_64 0.1.0 25.00 115.00 140.00 OK

Check Details

Version: 0.1.0
Check: data for non-ASCII characters
Result: NOTE
     Note: found 114 marked UTF-8 strings
Flavors: r-devel-linux-x86_64-fedora-clang, r-devel-linux-x86_64-fedora-gcc, r-release-macos-arm64, r-release-macos-x86_64, r-oldrel-macos-arm64, r-oldrel-macos-x86_64