CRAN Package Check Results for Package phonTools

Last updated on 2022-10-04 04:50:37 CEST.

Flavor Version Tinstall Tcheck Ttotal Status Flags
r-devel-linux-x86_64-debian-clang 0.2-2.1 7.29 68.23 75.52 NOTE
r-devel-linux-x86_64-debian-gcc 0.2-2.1 5.67 50.50 56.17 NOTE
r-devel-linux-x86_64-fedora-clang 0.2-2.1 102.26 NOTE
r-devel-linux-x86_64-fedora-gcc 0.2-2.1 97.69 NOTE
r-devel-windows-x86_64 0.2-2.1 50.00 106.00 156.00 OK
r-patched-linux-x86_64 0.2-2.1 7.70 64.30 72.00 NOTE
r-release-linux-x86_64 0.2-2.1 7.13 65.12 72.25 NOTE
r-release-macos-arm64 0.2-2.1 27.00 OK
r-release-macos-x86_64 0.2-2.1 41.00 OK
r-release-windows-x86_64 0.2-2.1 18.00 108.00 126.00 OK
r-oldrel-macos-arm64 0.2-2.1 34.00 OK
r-oldrel-macos-x86_64 0.2-2.1 61.00 OK
r-oldrel-windows-ix86+x86_64 0.2-2.1 13.00 64.00 77.00 OK

Check Details

Version: 0.2-2.1
Check: for non-standard things in the check directory
Result: NOTE
    Found the following files/directories:
     '1khz.wav' 'snd.wav'
Flavors: r-devel-linux-x86_64-debian-clang, r-devel-linux-x86_64-debian-gcc, r-devel-linux-x86_64-fedora-clang, r-devel-linux-x86_64-fedora-gcc, r-patched-linux-x86_64, r-release-linux-x86_64