CRAN Package Check Results for Package pivottabler

Last updated on 2022-10-05 04:50:59 CEST.

Flavor Version Tinstall Tcheck Ttotal Status Flags
r-devel-linux-x86_64-debian-clang 1.5.3 39.13 580.50 619.63 ERROR
r-devel-linux-x86_64-debian-gcc 1.5.3 31.31 423.75 455.06 ERROR
r-devel-linux-x86_64-fedora-clang 1.5.3 429.15 ERROR
r-devel-linux-x86_64-fedora-gcc 1.5.4 354.81 OK
r-devel-windows-x86_64 1.5.4 81.00 229.00 310.00 OK
r-patched-linux-x86_64 1.5.3 49.95 519.39 569.34 OK
r-release-linux-x86_64 1.5.3 35.42 508.93 544.35 OK
r-release-macos-arm64 1.5.3 77.00 NOTE
r-release-macos-x86_64 1.5.3 278.00 OK
r-release-windows-x86_64 1.5.3 115.00 526.00 641.00 OK
r-oldrel-macos-arm64 1.5.3 91.00 NOTE
r-oldrel-macos-x86_64 1.5.3 102.00 OK
r-oldrel-windows-ix86+x86_64 1.5.3 67.00 616.00 683.00 OK

Check Details

Version: 1.5.3
Check: package subdirectories
Result: NOTE
    Problems with news in 'NEWS.md':
     Cannot extract version info from the following section titles:
     Earlier versions
Flavors: r-devel-linux-x86_64-debian-clang, r-devel-linux-x86_64-debian-gcc, r-devel-linux-x86_64-fedora-clang

Version: 1.5.3
Check: tests
Result: ERROR
     Running 'testthat-1.R' [183s/200s]
     Running 'testthat-2.R' [164s/177s]
     Running 'testthat-3.R' [103s/113s]
    Running the tests in 'tests/testthat-1.R' failed.
    Complete output:
     > library(testthat)
     > library(pivottabler)
     >
     > test_check("pivottabler", filter="A-")
     [ FAIL 2 | WARN 0 | SKIP 0 | PASS 94 ]
    
     == Failed tests ================================================================
     -- Failure (test-A-07-calculationTests.R:639:5): calculation tests: filter overrides - custom function 1: batch dplyr --
     sum(pt$cells$asMatrix(), na.rm = TRUE) not equal to 39486.
     1/1 mismatches
     [1] 26324 - 39486 == -13162
     -- Failure (test-A-07-calculationTests.R:640:5): calculation tests: filter overrides - custom function 1: batch dplyr --
     as.character(pt$getHtml()) not identical to `html`.
     1/1 mismatches
     x[1]: "<table class=\"Table\">\n <tr>\n <th class=\"RowHeader\" rowspan=\"2\
     x[1]: " colspan=\"1\">&nbsp;</th>\n <th class=\"ColumnHeader\" colspan=\"3\">
     x[1]: Express Passenger</th>\n <th class=\"ColumnHeader\" colspan=\"3\">Ordin
     x[1]: ary Passenger</th>\n <th class=\"ColumnHeader\" colspan=\"3\">Total</th
     x[1]: >\n </tr>\n <tr>\n <th class=\"ColumnHeader\" colspan=\"1\">Curren...
     y[1]: "<table class=\"Table\">\n <tr>\n <th class=\"RowHeader\" rowspan=\"2\
     y[1]: " colspan=\"1\">&nbsp;</th>\n <th class=\"ColumnHeader\" colspan=\"3\">
     y[1]: Express Passenger</th>\n <th class=\"ColumnHeader\" colspan=\"3\">Ordin
     y[1]: ary Passenger</th>\n <th class=\"ColumnHeader\" colspan=\"3\">Total</th
     y[1]: >\n </tr>\n <tr>\n <th class=\"ColumnHeader\" colspan=\"1\">Curren...
    
     [ FAIL 2 | WARN 0 | SKIP 0 | PASS 94 ]
     Error: Test failures
     Execution halted
Flavor: r-devel-linux-x86_64-debian-clang

Version: 1.5.3
Check: tests
Result: ERROR
     Running ‘testthat-1.R’ [135s/211s]
     Running ‘testthat-2.R’ [116s/172s]
     Running ‘testthat-3.R’ [77s/110s]
    Running the tests in ‘tests/testthat-1.R’ failed.
    Complete output:
     > library(testthat)
     > library(pivottabler)
     >
     > test_check("pivottabler", filter="A-")
     [ FAIL 2 | WARN 0 | SKIP 0 | PASS 94 ]
    
     ══ Failed tests ════════════════════════════════════════════════════════════════
     ── Failure (test-A-07-calculationTests.R:639:5): calculation tests: filter overrides - custom function 1: batch dplyr ──
     sum(pt$cells$asMatrix(), na.rm = TRUE) not equal to 39486.
     1/1 mismatches
     [1] 26324 - 39486 == -13162
     ── Failure (test-A-07-calculationTests.R:640:5): calculation tests: filter overrides - custom function 1: batch dplyr ──
     as.character(pt$getHtml()) not identical to `html`.
     1/1 mismatches
     x[1]: "<table class=\"Table\">\n <tr>\n <th class=\"RowHeader\" rowspan=\"2\
     x[1]: " colspan=\"1\">&nbsp;</th>\n <th class=\"ColumnHeader\" colspan=\"3\">
     x[1]: Express Passenger</th>\n <th class=\"ColumnHeader\" colspan=\"3\">Ordin
     x[1]: ary Passenger</th>\n <th class=\"ColumnHeader\" colspan=\"3\">Total</th
     x[1]: >\n </tr>\n <tr>\n <th class=\"ColumnHeader\" colspan=\"1\">Curren...
     y[1]: "<table class=\"Table\">\n <tr>\n <th class=\"RowHeader\" rowspan=\"2\
     y[1]: " colspan=\"1\">&nbsp;</th>\n <th class=\"ColumnHeader\" colspan=\"3\">
     y[1]: Express Passenger</th>\n <th class=\"ColumnHeader\" colspan=\"3\">Ordin
     y[1]: ary Passenger</th>\n <th class=\"ColumnHeader\" colspan=\"3\">Total</th
     y[1]: >\n </tr>\n <tr>\n <th class=\"ColumnHeader\" colspan=\"1\">Curren...
    
     [ FAIL 2 | WARN 0 | SKIP 0 | PASS 94 ]
     Error: Test failures
     Execution halted
Flavor: r-devel-linux-x86_64-debian-gcc

Version: 1.5.3
Check: tests
Result: ERROR
     Running ‘testthat-1.R’ [118s/117s]
     Running ‘testthat-2.R’ [100s/100s]
     Running ‘testthat-3.R’ [64s/65s]
    Running the tests in ‘tests/testthat-1.R’ failed.
    Complete output:
     > library(testthat)
     > library(pivottabler)
     >
     > test_check("pivottabler", filter="A-")
     [ FAIL 2 | WARN 0 | SKIP 0 | PASS 94 ]
    
     ══ Failed tests ════════════════════════════════════════════════════════════════
     ── Failure (test-A-07-calculationTests.R:639:5): calculation tests: filter overrides - custom function 1: batch dplyr ──
     sum(pt$cells$asMatrix(), na.rm = TRUE) not equal to 39486.
     1/1 mismatches
     [1] 26324 - 39486 == -13162
     ── Failure (test-A-07-calculationTests.R:640:5): calculation tests: filter overrides - custom function 1: batch dplyr ──
     as.character(pt$getHtml()) not identical to `html`.
     1/1 mismatches
     x[1]: "<table class=\"Table\">\n <tr>\n <th class=\"RowHeader\" rowspan=\"2\
     x[1]: " colspan=\"1\">&nbsp;</th>\n <th class=\"ColumnHeader\" colspan=\"3\">
     x[1]: Express Passenger</th>\n <th class=\"ColumnHeader\" colspan=\"3\">Ordin
     x[1]: ary Passenger</th>\n <th class=\"ColumnHeader\" colspan=\"3\">Total</th
     x[1]: >\n </tr>\n <tr>\n <th class=\"ColumnHeader\" colspan=\"1\">Curren...
     y[1]: "<table class=\"Table\">\n <tr>\n <th class=\"RowHeader\" rowspan=\"2\
     y[1]: " colspan=\"1\">&nbsp;</th>\n <th class=\"ColumnHeader\" colspan=\"3\">
     y[1]: Express Passenger</th>\n <th class=\"ColumnHeader\" colspan=\"3\">Ordin
     y[1]: ary Passenger</th>\n <th class=\"ColumnHeader\" colspan=\"3\">Total</th
     y[1]: >\n </tr>\n <tr>\n <th class=\"ColumnHeader\" colspan=\"1\">Curren...
    
     [ FAIL 2 | WARN 0 | SKIP 0 | PASS 94 ]
     Error: Test failures
     Execution halted
Flavor: r-devel-linux-x86_64-fedora-clang

Version: 1.5.3
Check: installed package size
Result: NOTE
     installed size is 5.2Mb
     sub-directories of 1Mb or more:
     R 2.1Mb
     data 2.0Mb
Flavors: r-release-macos-arm64, r-oldrel-macos-arm64