CRAN Package Check Results for Package pkgcache

Last updated on 2022-10-07 04:55:59 CEST.

Flavor Version Tinstall Tcheck Ttotal Status Flags
r-devel-linux-x86_64-debian-clang 2.0.2 22.07 71.25 93.32 OK
r-devel-linux-x86_64-debian-gcc 2.0.2 15.55 52.93 68.48 WARN
r-devel-linux-x86_64-fedora-clang 2.0.2 121.75 WARN
r-devel-linux-x86_64-fedora-gcc 2.0.2 115.10 WARN
r-devel-windows-x86_64 2.0.2 162.00 102.00 264.00 OK
r-patched-linux-x86_64 2.0.2 17.12 64.65 81.77 OK
r-release-linux-x86_64 2.0.2 14.01 65.31 79.32 OK
r-release-macos-arm64 2.0.2 36.00 OK
r-release-macos-x86_64 2.0.2 45.00 OK
r-release-windows-x86_64 2.0.2 206.00 90.00 296.00 OK
r-oldrel-macos-arm64 2.0.2 34.00 OK
r-oldrel-macos-x86_64 2.0.2 46.00 OK
r-oldrel-windows-ix86+x86_64 2.0.2 45.00 101.00 146.00 OK

Check Details

Version: 2.0.2
Check: whether package can be installed
Result: WARN
    Found the following significant warnings:
     init.c:17:6: warning: function declaration isn’t a prototype [-Wstrict-prototypes]
Flavors: r-devel-linux-x86_64-debian-gcc, r-devel-linux-x86_64-fedora-gcc

Version: 2.0.2
Check: compilation flags used
Result: NOTE
    Compilation used the following non-portable flag(s):
     ‘-Wstrict-prototypes’
Flavor: r-devel-linux-x86_64-debian-gcc

Version: 2.0.2
Check: whether package can be installed
Result: WARN
    Found the following significant warnings:
     init.c:17:26: warning: a function declaration without a prototype is deprecated in all versions of C [-Wstrict-prototypes]
Flavor: r-devel-linux-x86_64-fedora-clang