CRAN Package Check Results for Package pkgmaker

Last updated on 2022-09-30 04:59:16 CEST.

Flavor Version Tinstall Tcheck Ttotal Status Flags
r-devel-linux-x86_64-debian-clang 0.32.2 8.23 68.36 76.59 OK
r-devel-linux-x86_64-debian-gcc 0.32.2 8.14 51.81 59.95 OK
r-devel-linux-x86_64-fedora-clang 0.32.2 109.77 OK
r-devel-linux-x86_64-fedora-gcc 0.32.2 104.27 OK
r-devel-windows-x86_64 0.32.2 113.00 126.00 239.00 OK
r-patched-linux-x86_64 0.32.2 10.52 63.72 74.24 OK
r-release-linux-x86_64 0.32.2 10.85 63.90 74.75 OK
r-release-macos-arm64 0.32.2 32.00 NOTE
r-release-macos-x86_64 0.32.2 65.00 OK
r-release-windows-x86_64 0.32.2 102.00 112.00 214.00 OK
r-oldrel-macos-arm64 0.32.2 56.00 OK
r-oldrel-macos-x86_64 0.32.2 88.00 OK
r-oldrel-windows-ix86+x86_64 0.32.2 17.00 92.00 109.00 OK

Check Details

Version: 0.32.2
Check: package dependencies
Result: NOTE
    Package suggested but not available for checking: ‘Biobase’
Flavor: r-release-macos-arm64