CRAN Package Check Results for Package pkgnet

Last updated on 2022-12-03 03:57:16 CET.

Flavor Version Tinstall Tcheck Ttotal Status Flags
r-devel-linux-x86_64-debian-clang 0.4.2 12.93 53.84 66.77 OK
r-devel-linux-x86_64-debian-gcc 0.4.2 9.39 40.95 50.34 OK
r-devel-linux-x86_64-fedora-clang 0.4.2 91.27 NOTE
r-devel-linux-x86_64-fedora-gcc 0.4.2 89.37 OK
r-devel-windows-x86_64 0.4.2 56.00 83.00 139.00 OK
r-patched-linux-x86_64 0.4.2 11.69 48.83 60.52 OK
r-release-linux-x86_64 0.4.2 9.09 48.24 57.33 OK
r-release-macos-arm64 0.4.2 27.00 OK
r-release-macos-x86_64 0.4.2 38.00 OK
r-release-windows-x86_64 0.4.2 58.00 85.00 143.00 OK
r-oldrel-macos-arm64 0.4.2 27.00 OK
r-oldrel-macos-x86_64 0.4.2 40.00 OK
r-oldrel-windows-ix86+x86_64 0.4.2 23.00 74.00 97.00 OK

Check Details

Version: 0.4.2
Check: Rd cross-references
Result: NOTE
    Undeclared package ‘htmlwidgets’ in Rd xrefs
Flavor: r-devel-linux-x86_64-fedora-clang