Last updated on 2023-01-31 04:06:29 CET.
Flavor | Version | Tinstall | Tcheck | Ttotal | Status | Flags |
---|---|---|---|---|---|---|
r-devel-linux-x86_64-debian-clang | 0.1.5 | 5.12 | 48.28 | 53.40 | NOTE | |
r-devel-linux-x86_64-debian-gcc | 0.1.5 | 3.29 | 33.40 | 36.69 | NOTE | |
r-devel-linux-x86_64-fedora-clang | 0.1.5 | 66.18 | NOTE | |||
r-devel-linux-x86_64-fedora-gcc | 0.1.5 | 63.93 | NOTE | |||
r-devel-windows-x86_64 | 0.1.5 | 11.00 | 67.00 | 78.00 | NOTE | |
r-patched-linux-x86_64 | 0.1.5 | 4.46 | 47.16 | 51.62 | NOTE | |
r-release-linux-x86_64 | 0.1.5 | 4.93 | 47.90 | 52.83 | NOTE | |
r-release-macos-arm64 | 0.1.5 | 21.00 | NOTE | |||
r-release-macos-x86_64 | 0.1.5 | 42.00 | NOTE | |||
r-release-windows-x86_64 | 0.1.5 | 10.00 | 79.00 | 89.00 | NOTE | |
r-oldrel-macos-arm64 | 0.1.5 | 29.00 | NOTE | |||
r-oldrel-macos-x86_64 | 0.1.5 | 41.00 | NOTE | |||
r-oldrel-windows-ix86+x86_64 | 0.1.5 | 14.00 | 77.00 | 91.00 | NOTE |
Version: 0.1.5
Check: LazyData
Result: NOTE
'LazyData' is specified without a 'data' directory
Flavors: r-devel-linux-x86_64-debian-clang, r-devel-linux-x86_64-debian-gcc, r-devel-linux-x86_64-fedora-clang, r-devel-linux-x86_64-fedora-gcc, r-devel-windows-x86_64, r-patched-linux-x86_64, r-release-linux-x86_64, r-release-macos-arm64, r-release-macos-x86_64, r-release-windows-x86_64, r-oldrel-macos-arm64, r-oldrel-macos-x86_64, r-oldrel-windows-ix86+x86_64