Last updated on 2023-09-29 05:06:12 CEST.
Flavor | Version | Tinstall | Tcheck | Ttotal | Status | Flags |
---|---|---|---|---|---|---|
r-devel-linux-x86_64-debian-clang | 4.10.2 | 18.15 | 261.10 | 279.25 | OK | |
r-devel-linux-x86_64-debian-gcc | 4.10.2 | 14.17 | 188.58 | 202.75 | OK | |
r-devel-linux-x86_64-fedora-clang | 4.10.2 | 345.12 | NOTE | |||
r-devel-linux-x86_64-fedora-gcc | 4.10.2 | 346.13 | OK | |||
r-devel-windows-x86_64 | 4.10.2 | 18.00 | 186.00 | 204.00 | NOTE | |
r-patched-linux-x86_64 | 4.10.2 | 18.22 | 242.72 | 260.94 | OK | |
r-release-linux-x86_64 | 4.10.2 | 18.31 | 246.93 | 265.24 | OK | |
r-release-macos-arm64 | 4.10.2 | 92.00 | NOTE | |||
r-release-macos-x86_64 | 4.10.2 | 203.00 | NOTE | |||
r-release-windows-x86_64 | 4.10.2 | 24.00 | 239.00 | 263.00 | NOTE | |
r-oldrel-macos-arm64 | 4.10.2 | 97.00 | NOTE | |||
r-oldrel-macos-x86_64 | 4.10.2 | 123.00 | NOTE | |||
r-oldrel-windows-x86_64 | 4.10.2 | 24.00 | 229.00 | 253.00 | NOTE |
Version: 4.10.2
Check: installed package size
Result: NOTE
installed size is 7.2Mb
sub-directories of 1Mb or more:
R 1.0Mb
htmlwidgets 4.0Mb
Flavors: r-devel-linux-x86_64-fedora-clang, r-devel-windows-x86_64, r-release-macos-arm64, r-release-macos-x86_64, r-release-windows-x86_64, r-oldrel-macos-arm64, r-oldrel-macos-x86_64, r-oldrel-windows-x86_64