CRAN Package Check Results for Package plotscale

Last updated on 2024-06-21 04:56:50 CEST.

Flavor Version Tinstall Tcheck Ttotal Status Flags
r-devel-linux-x86_64-debian-clang 0.1.6 2.39 57.65 60.04 NOTE
r-devel-linux-x86_64-debian-gcc 0.1.6 1.96 41.57 43.53 NOTE
r-devel-linux-x86_64-fedora-clang 0.1.6 72.64 NOTE
r-devel-linux-x86_64-fedora-gcc 0.1.6 82.44 NOTE
r-devel-windows-x86_64 0.1.6 4.00 60.00 64.00 NOTE
r-patched-linux-x86_64 0.1.6 2.87 54.84 57.71 NOTE
r-release-linux-x86_64 0.1.6 2.37 54.99 57.36 NOTE
r-release-macos-arm64 0.1.6 35.00 NOTE
r-release-macos-x86_64 0.1.6 48.00 NOTE
r-release-windows-x86_64 0.1.6 4.00 62.00 66.00 NOTE
r-oldrel-macos-arm64 0.1.6 29.00 NOTE
r-oldrel-macos-x86_64 0.1.6 49.00 NOTE
r-oldrel-windows-x86_64 0.1.6 4.00 67.00 71.00 NOTE

Check Details

Version: 0.1.6
Check: LazyData
Result: NOTE 'LazyData' is specified without a 'data' directory Flavors: r-devel-linux-x86_64-debian-clang, r-devel-linux-x86_64-debian-gcc, r-devel-linux-x86_64-fedora-clang, r-devel-linux-x86_64-fedora-gcc, r-devel-windows-x86_64, r-patched-linux-x86_64, r-release-linux-x86_64, r-release-macos-arm64, r-release-macos-x86_64, r-release-windows-x86_64, r-oldrel-macos-arm64, r-oldrel-macos-x86_64, r-oldrel-windows-x86_64

Version: 0.1.6
Check: dependencies in R code
Result: NOTE Namespace in Imports field not imported from: ‘graphics’ All declared Imports should be used. Flavors: r-devel-linux-x86_64-fedora-clang, r-devel-linux-x86_64-fedora-gcc