CRAN Package Check Results for Package plotscale

Last updated on 2023-12-08 04:03:20 CET.

Flavor Version Tinstall Tcheck Ttotal Status Flags
r-devel-linux-x86_64-debian-clang 0.1.6 2.59 53.06 55.65 NOTE
r-devel-linux-x86_64-debian-gcc 0.1.6 1.95 40.47 42.42 NOTE
r-devel-linux-x86_64-fedora-clang 0.1.6 68.09 NOTE
r-devel-linux-x86_64-fedora-gcc 0.1.6 79.04 NOTE
r-devel-windows-x86_64 0.1.6 3.00 63.00 66.00 NOTE
r-patched-linux-x86_64 0.1.6 2.85 51.84 54.69 NOTE
r-release-linux-x86_64 0.1.6 2.68 50.96 53.64 NOTE
r-release-macos-arm64 0.1.6 29.00 NOTE
r-release-macos-x86_64 0.1.6 49.00 NOTE
r-release-windows-x86_64 0.1.6 3.00 69.00 72.00 NOTE
r-oldrel-macos-arm64 0.1.6 27.00 NOTE
r-oldrel-macos-x86_64 0.1.6 34.00 NOTE
r-oldrel-windows-x86_64 0.1.6 5.00 69.00 74.00 NOTE

Check Details

Version: 0.1.6
Check: LazyData
Result: NOTE 'LazyData' is specified without a 'data' directory Flavors: r-devel-linux-x86_64-debian-clang, r-devel-linux-x86_64-debian-gcc, r-devel-linux-x86_64-fedora-clang, r-devel-linux-x86_64-fedora-gcc, r-devel-windows-x86_64, r-patched-linux-x86_64, r-release-linux-x86_64, r-release-macos-arm64, r-release-macos-x86_64, r-release-windows-x86_64, r-oldrel-macos-arm64, r-oldrel-macos-x86_64, r-oldrel-windows-x86_64

Version: 0.1.6
Check: dependencies in R code
Result: NOTE Namespace in Imports field not imported from: ‘graphics’ All declared Imports should be used. Flavors: r-devel-linux-x86_64-fedora-clang, r-devel-linux-x86_64-fedora-gcc, r-oldrel-macos-x86_64