Last updated on 2023-12-02 03:57:50 CET.
Flavor | Version | Tinstall | Tcheck | Ttotal | Status | Flags |
---|---|---|---|---|---|---|
r-devel-linux-x86_64-debian-clang | 0.2.1 | 3.13 | 23.78 | 26.91 | NOTE | |
r-devel-linux-x86_64-debian-gcc | 0.2.1 | 2.05 | 18.53 | 20.58 | NOTE | |
r-devel-linux-x86_64-fedora-clang | 0.2.1 | 33.92 | OK | |||
r-devel-linux-x86_64-fedora-gcc | 0.2.1 | 31.76 | OK | |||
r-devel-windows-x86_64 | 0.2.1 | 3.00 | 41.00 | 44.00 | OK | |
r-patched-linux-x86_64 | 0.2.1 | 2.62 | 23.77 | 26.39 | OK | |
r-release-linux-x86_64 | 0.2.1 | 3.14 | 23.91 | 27.05 | OK | |
r-release-macos-arm64 | 0.2.1 | 18.00 | OK | |||
r-release-macos-x86_64 | 0.2.1 | 19.00 | OK | |||
r-release-windows-x86_64 | 0.2.1 | 4.00 | 39.00 | 43.00 | OK | |
r-oldrel-macos-arm64 | 0.2.1 | 15.00 | OK | |||
r-oldrel-macos-x86_64 | 0.2.1 | 20.00 | OK | |||
r-oldrel-windows-x86_64 | 0.2.1 | 4.00 | 44.00 | 48.00 | OK |
Version: 0.2.1
Check: Rd files
Result: NOTE
checkRd: (-1) pmledecon.Rd:113: Lost braces; missing escapes or markup?
113 | likelihood less than $10^{-10}$ are replaced by $10^{-10}$.
| ^
checkRd: (-1) pmledecon.Rd:113: Lost braces; missing escapes or markup?
113 | likelihood less than $10^{-10}$ are replaced by $10^{-10}$.
| ^
Flavors: r-devel-linux-x86_64-debian-clang, r-devel-linux-x86_64-debian-gcc