Last updated on 2022-06-30 04:50:10 CEST.
Flavor | Version | Tinstall | Tcheck | Ttotal | Status | Flags |
---|---|---|---|---|---|---|
r-devel-linux-x86_64-debian-clang | 0.10.0 | 26.99 | 316.44 | 343.43 | OK | |
r-devel-linux-x86_64-debian-gcc | 0.10.0 | 23.65 | 226.58 | 250.23 | OK | |
r-devel-linux-x86_64-fedora-clang | 0.10.0 | 408.96 | NOTE | |||
r-devel-linux-x86_64-fedora-gcc | 0.10.0 | 429.03 | NOTE | |||
r-devel-windows-x86_64 | 0.10.0 | 322.00 | 362.00 | 684.00 | OK | |
r-patched-linux-x86_64 | 0.10.0 | 24.15 | 283.08 | 307.23 | OK | |
r-release-linux-x86_64 | 0.10.0 | 17.14 | 297.51 | 314.65 | OK | |
r-release-macos-arm64 | 0.10.0 | 83.00 | NOTE | |||
r-release-macos-x86_64 | 0.10.0 | 160.00 | NOTE | |||
r-release-windows-x86_64 | 0.10.0 | 408.00 | 356.00 | 764.00 | OK | |
r-oldrel-macos-arm64 | 0.10.0 | 85.00 | NOTE | |||
r-oldrel-macos-x86_64 | 0.10.0 | 118.00 | NOTE | |||
r-oldrel-windows-ix86+x86_64 | 0.10.0 | 46.00 | 361.00 | 407.00 | OK |
Version: 0.10.0
Check: installed package size
Result: NOTE
installed size is 5.0Mb
sub-directories of 1Mb or more:
help 2.6Mb
Flavor: r-devel-linux-x86_64-fedora-clang
Version: 0.10.0
Check: data for non-ASCII characters
Result: NOTE
Note: found 1 marked UTF-8 string
Flavors: r-devel-linux-x86_64-fedora-clang, r-devel-linux-x86_64-fedora-gcc, r-release-macos-arm64, r-release-macos-x86_64, r-oldrel-macos-arm64, r-oldrel-macos-x86_64