CRAN Package Check Results for Package polyclip

Last updated on 2022-09-28 04:51:08 CEST.

Flavor Version Tinstall Tcheck Ttotal Status Flags
r-devel-linux-x86_64-debian-clang 1.10-0 14.52 26.20 40.72 NOTE
r-devel-linux-x86_64-debian-gcc 1.10-0 8.87 20.75 29.62 NOTE
r-devel-linux-x86_64-fedora-clang 1.10-0 67.14 WARN
r-devel-linux-x86_64-fedora-gcc 1.10-0 59.62 NOTE
r-devel-windows-x86_64 1.10-0 114.00 70.00 184.00 NOTE
r-patched-linux-x86_64 1.10-0 11.03 25.79 36.82 NOTE
r-release-linux-x86_64 1.10-0 12.17 25.24 37.41 NOTE
r-release-macos-arm64 1.10-0 22.00 NOTE
r-release-macos-x86_64 1.10-0 31.00 NOTE
r-release-windows-x86_64 1.10-0 19.00 66.00 85.00 NOTE
r-oldrel-macos-arm64 1.10-0 28.00 NOTE
r-oldrel-macos-x86_64 1.10-0 40.00 NOTE
r-oldrel-windows-ix86+x86_64 1.10-0 29.00 44.00 73.00 NOTE

Additional issues

clang15 clang15

Check Details

Version: 1.10-0
Check: LazyData
Result: NOTE
     'LazyData' is specified without a 'data' directory
Flavors: r-devel-linux-x86_64-debian-clang, r-devel-linux-x86_64-debian-gcc, r-devel-linux-x86_64-fedora-clang, r-devel-linux-x86_64-fedora-gcc, r-devel-windows-x86_64, r-patched-linux-x86_64, r-release-linux-x86_64, r-release-macos-arm64, r-release-macos-x86_64, r-release-windows-x86_64, r-oldrel-macos-arm64, r-oldrel-macos-x86_64, r-oldrel-windows-ix86+x86_64

Version: 1.10-0
Check: whether package can be installed
Result: WARN
    Found the following significant warnings:
     clipper.cpp:4388:22: warning: invalid UTF-8 in comment [-Winvalid-utf8]
     clipper.cpp:4388:25: warning: invalid UTF-8 in comment [-Winvalid-utf8]
     clipper.cpp:4388:32: warning: invalid UTF-8 in comment [-Winvalid-utf8]
     clipper.cpp:4388:35: warning: invalid UTF-8 in comment [-Winvalid-utf8]
     clipper.cpp:4389:7: warning: invalid UTF-8 in comment [-Winvalid-utf8]
     clipper.cpp:4389:12: warning: invalid UTF-8 in comment [-Winvalid-utf8]
     clipper.cpp:4389:20: warning: invalid UTF-8 in comment [-Winvalid-utf8]
     clipper.cpp:4389:25: warning: invalid UTF-8 in comment [-Winvalid-utf8]
     clipper.cpp:4389:33: warning: invalid UTF-8 in comment [-Winvalid-utf8]
     clipper.cpp:4389:38: warning: invalid UTF-8 in comment [-Winvalid-utf8]
     clipper.cpp:4389:41: warning: invalid UTF-8 in comment [-Winvalid-utf8]
     clipper.cpp:4389:47: warning: invalid UTF-8 in comment [-Winvalid-utf8]
     clipper.cpp:4389:52: warning: invalid UTF-8 in comment [-Winvalid-utf8]
     clipper.cpp:4389:55: warning: invalid UTF-8 in comment [-Winvalid-utf8]
     clipper.cpp:4390:11: warning: invalid UTF-8 in comment [-Winvalid-utf8]
     clipper.cpp:4390:16: warning: invalid UTF-8 in comment [-Winvalid-utf8]
     clipper.cpp:4390:26: warning: invalid UTF-8 in comment [-Winvalid-utf8]
     clipper.cpp:4390:31: warning: invalid UTF-8 in comment [-Winvalid-utf8]
     clipper.cpp:4390:41: warning: invalid UTF-8 in comment [-Winvalid-utf8]
     clipper.cpp:4390:46: warning: invalid UTF-8 in comment [-Winvalid-utf8]
     clipper.cpp:4390:49: warning: invalid UTF-8 in comment [-Winvalid-utf8]
     clipper.cpp:4390:55: warning: invalid UTF-8 in comment [-Winvalid-utf8]
     clipper.cpp:4390:60: warning: invalid UTF-8 in comment [-Winvalid-utf8]
     clipper.cpp:4390:63: warning: invalid UTF-8 in comment [-Winvalid-utf8]
     clipper.cpp:4391:39: warning: invalid UTF-8 in comment [-Winvalid-utf8]
     clipper.cpp:4391:42: warning: invalid UTF-8 in comment [-Winvalid-utf8]
     clipper.cpp:4391:50: warning: invalid UTF-8 in comment [-Winvalid-utf8]
     clipper.cpp:4391:56: warning: invalid UTF-8 in comment [-Winvalid-utf8]
     clipper.cpp:4391:69: warning: invalid UTF-8 in comment [-Winvalid-utf8]
     clipper.cpp:4391:74: warning: invalid UTF-8 in comment [-Winvalid-utf8]
Flavor: r-devel-linux-x86_64-fedora-clang