Last updated on 2022-07-03 04:49:08 CEST.
Flavor | Version | Tinstall | Tcheck | Ttotal | Status | Flags |
---|---|---|---|---|---|---|
r-devel-linux-x86_64-debian-clang | 0.1.6 | 8.20 | 54.52 | 62.72 | NOTE | |
r-devel-linux-x86_64-debian-gcc | 0.1.6 | 5.87 | 41.86 | 47.73 | NOTE | |
r-devel-linux-x86_64-fedora-clang | 0.1.6 | 84.31 | NOTE | |||
r-devel-linux-x86_64-fedora-gcc | 0.1.6 | 87.99 | NOTE | |||
r-devel-windows-x86_64 | 0.1.6 | 42.00 | 92.00 | 134.00 | NOTE | |
r-patched-linux-x86_64 | 0.1.6 | 5.72 | 52.39 | 58.11 | NOTE | |
r-release-linux-x86_64 | 0.1.6 | 5.48 | 52.33 | 57.81 | NOTE | |
r-release-macos-arm64 | 0.1.6 | 34.00 | NOTE | |||
r-release-macos-x86_64 | 0.1.6 | 46.00 | NOTE | |||
r-release-windows-x86_64 | 0.1.6 | 37.00 | 96.00 | 133.00 | NOTE | |
r-oldrel-macos-arm64 | 0.1.6 | 39.00 | NOTE | |||
r-oldrel-macos-x86_64 | 0.1.6 | 48.00 | NOTE | |||
r-oldrel-windows-ix86+x86_64 | 0.1.6 | 17.00 | 83.00 | 100.00 | NOTE |
Version: 0.1.6
Check: LazyData
Result: NOTE
'LazyData' is specified without a 'data' directory
Flavors: r-devel-linux-x86_64-debian-clang, r-devel-linux-x86_64-debian-gcc, r-devel-linux-x86_64-fedora-clang, r-devel-linux-x86_64-fedora-gcc, r-devel-windows-x86_64, r-patched-linux-x86_64, r-release-linux-x86_64, r-release-macos-arm64, r-release-macos-x86_64, r-release-windows-x86_64, r-oldrel-macos-arm64, r-oldrel-macos-x86_64, r-oldrel-windows-ix86+x86_64