Last updated on 2023-12-10 04:00:05 CET.
Flavor | Version | Tinstall | Tcheck | Ttotal | Status | Flags |
---|---|---|---|---|---|---|
r-devel-linux-x86_64-debian-clang | 0.4.11 | 24.96 | 306.22 | 331.18 | NOTE | |
r-devel-linux-x86_64-debian-gcc | 0.4.11 | 16.99 | 228.51 | 245.50 | NOTE | |
r-devel-linux-x86_64-fedora-clang | 0.4.11 | 415.48 | OK | |||
r-devel-linux-x86_64-fedora-gcc | 0.4.11 | 403.76 | OK | |||
r-devel-windows-x86_64 | 0.4.11 | 21.00 | 261.00 | 282.00 | OK | |
r-patched-linux-x86_64 | 0.4.11 | 31.51 | 416.78 | 448.29 | OK | |
r-release-linux-x86_64 | 0.4.11 | 19.69 | 424.48 | 444.17 | OK | |
r-release-macos-arm64 | 0.4.11 | 122.00 | OK | |||
r-release-macos-x86_64 | 0.4.11 | 349.00 | OK | |||
r-release-windows-x86_64 | 0.4.11 | 27.00 | 314.00 | 341.00 | OK | |
r-oldrel-macos-arm64 | 0.4.11 | 117.00 | OK | |||
r-oldrel-macos-x86_64 | 0.4.11 | 162.00 | OK | |||
r-oldrel-windows-x86_64 | 0.4.11 | 27.00 | 291.00 | 318.00 | OK |
Version: 0.4.11
Check: Rd files
Result: NOTE
checkRd: (-1) survmean.Rd:83: Lost braces in \itemize; \value handles \item{}{} directly
checkRd: (-1) survmean.Rd:84: Lost braces in \itemize; \value handles \item{}{} directly
checkRd: (-1) survmean.Rd:85: Lost braces in \itemize; \value handles \item{}{} directly
checkRd: (-1) survmean.Rd:86-88: Lost braces in \itemize; \value handles \item{}{} directly
Flavors: r-devel-linux-x86_64-debian-clang, r-devel-linux-x86_64-debian-gcc