CRAN Package Check Results for Package portfolioBacktest

Last updated on 2022-08-09 04:52:28 CEST.

Flavor Version Tinstall Tcheck Ttotal Status Flags
r-devel-linux-x86_64-debian-clang 0.4.1 8.29 185.27 193.56 OK
r-devel-linux-x86_64-debian-gcc 0.4.1 7.26 131.57 138.83 OK
r-devel-linux-x86_64-fedora-clang 0.4.1 232.47 OK
r-devel-linux-x86_64-fedora-gcc 0.4.1 229.11 OK
r-devel-windows-x86_64 0.4.1 124.00 214.00 338.00 OK
r-patched-linux-x86_64 0.4.1 7.47 166.26 173.73 OK
r-release-linux-x86_64 0.4.1 OK
r-release-macos-arm64 0.4.1 71.00 OK
r-release-macos-x86_64 0.4.1 109.00 NOTE
r-release-windows-x86_64 0.4.1 84.00 213.00 297.00 OK
r-oldrel-macos-arm64 0.4.1 67.00 OK
r-oldrel-macos-x86_64 0.4.1 114.00 OK
r-oldrel-windows-ix86+x86_64 0.4.1 22.00 255.00 277.00 OK

Check Details

Version: 0.4.1
Check: package dependencies
Result: NOTE
    Package suggested but not available for checking: ‘readtext’
Flavor: r-release-macos-x86_64