CRAN Package Check Results for Package portvine

Last updated on 2022-12-07 03:57:32 CET.

Flavor Version Tinstall Tcheck Ttotal Status Flags
r-devel-linux-x86_64-debian-clang 1.0.1 125.30 881.65 1006.95 WARN
r-devel-linux-x86_64-debian-gcc 1.0.1 118.00 635.28 753.28 WARN
r-devel-linux-x86_64-fedora-clang 1.0.1 821.55 NOTE
r-devel-linux-x86_64-fedora-gcc 1.0.1 1301.42 OK
r-devel-windows-x86_64 1.0.1 324.00 901.00 1225.00 NOTE
r-patched-linux-x86_64 1.0.1 91.24 845.80 937.04 OK
r-release-linux-x86_64 1.0.1 109.54 852.88 962.42 OK
r-release-macos-arm64 1.0.1 176.00 NOTE
r-release-macos-x86_64 1.0.1 241.00 NOTE
r-release-windows-x86_64 1.0.1 329.00 923.00 1252.00 NOTE
r-oldrel-macos-arm64 1.0.1 162.00 NOTE
r-oldrel-macos-x86_64 1.0.1 237.00 NOTE
r-oldrel-windows-ix86+x86_64 1.0.1 297.00 0.00 297.00 FAIL

Check Details

Version: 1.0.1
Check: compiled code
Result: WARN
    File 'portvine/libs/portvine.so':
     Found 'sprintf', possibly from 'sprintf' (C)
     Object: 'dvinecond.o'
    
    Compiled code should not call entry points which might terminate R nor
    write to stdout/stderr instead of to the console, nor use Fortran I/O
    nor system RNGs nor [v]sprintf.
    
    See 'Writing portable packages' in the 'Writing R Extensions' manual.
Flavor: r-devel-linux-x86_64-debian-clang

Version: 1.0.1
Check: compiled code
Result: WARN
    File ‘portvine/libs/portvine.so’:
     Found ‘__sprintf_chk’, possibly from ‘sprintf’ (C)
     Object: ‘dvinecond.o’
    
    Compiled code should not call entry points which might terminate R nor
    write to stdout/stderr instead of to the console, nor use Fortran I/O
    nor system RNGs nor [v]sprintf.
    
    See ‘Writing portable packages’ in the ‘Writing R Extensions’ manual.
Flavor: r-devel-linux-x86_64-debian-gcc

Version: 1.0.1
Check: installed package size
Result: NOTE
     installed size is 5.4Mb
     sub-directories of 1Mb or more:
     libs 4.5Mb
Flavors: r-devel-linux-x86_64-fedora-clang, r-devel-windows-x86_64, r-release-macos-arm64, r-release-macos-x86_64, r-release-windows-x86_64, r-oldrel-macos-arm64, r-oldrel-macos-x86_64, r-oldrel-windows-ix86+x86_64

Version: 1.0.1
Check: running tests for arch ‘x64’
Result: FAIL
    Check process probably crashed or hung up for 20 minutes ... killed
    Most likely this happened in the example checks (?),
    if not, ignore the following last lines of example output:
    
    ======== End of example output (where/before crash/hang up occured ?) ========
Flavor: r-oldrel-windows-ix86+x86_64