CRAN Package Check Results for Package povcalnetR

Last updated on 2022-12-07 03:57:32 CET.

Flavor Version Tinstall Tcheck Ttotal Status Flags
r-devel-linux-x86_64-debian-clang 0.1.1 3.73 41.44 45.17 OK
r-devel-linux-x86_64-debian-gcc 0.1.1 2.83 32.43 35.26 OK
r-devel-linux-x86_64-fedora-clang 0.1.1 66.39 NOTE
r-devel-linux-x86_64-fedora-gcc 0.1.1 75.91 NOTE
r-devel-windows-x86_64 0.1.1 23.00 73.00 96.00 OK
r-patched-linux-x86_64 0.1.1 3.39 39.40 42.79 OK
r-release-linux-x86_64 0.1.1 2.40 37.07 39.47 OK
r-release-macos-arm64 0.1.1 24.00 NOTE
r-release-macos-x86_64 0.1.1 37.00 NOTE
r-release-windows-x86_64 0.1.1 42.00 76.00 118.00 OK
r-oldrel-macos-arm64 0.1.1 25.00 NOTE
r-oldrel-macos-x86_64 0.1.1 35.00 NOTE
r-oldrel-windows-ix86+x86_64 0.1.1 8.00 69.00 77.00 OK

Check Details

Version: 0.1.1
Check: dependencies in R code
Result: NOTE
    Namespace in Imports field not imported from: ‘memoise’
     All declared Imports should be used.
Flavors: r-devel-linux-x86_64-fedora-clang, r-devel-linux-x86_64-fedora-gcc, r-release-macos-arm64, r-release-macos-x86_64, r-oldrel-macos-arm64, r-oldrel-macos-x86_64