CRAN Package Check Results for Package predict3d

Last updated on 2022-09-29 04:58:22 CEST.

Flavor Version Tinstall Tcheck Ttotal Status Flags
r-devel-linux-x86_64-debian-clang 0.1.3.3 16.35 158.13 174.48 NOTE
r-devel-linux-x86_64-debian-gcc 0.1.3.3 13.75 116.86 130.61 NOTE
r-devel-linux-x86_64-fedora-clang 0.1.3.3 219.05 NOTE
r-devel-linux-x86_64-fedora-gcc 0.1.3.3 219.89 NOTE
r-devel-windows-x86_64 0.1.3.3 35.00 178.00 213.00 NOTE
r-patched-linux-x86_64 0.1.3.3 14.82 151.20 166.02 NOTE
r-release-linux-x86_64 0.1.3.3 13.64 145.86 159.50 NOTE
r-release-macos-arm64 0.1.3.3 52.00 NOTE
r-release-macos-x86_64 0.1.3.3 104.00 NOTE
r-release-windows-x86_64 0.1.3.3 32.00 170.00 202.00 NOTE
r-oldrel-macos-arm64 0.1.3.3 60.00 NOTE
r-oldrel-macos-x86_64 0.1.3.3 88.00 NOTE
r-oldrel-windows-ix86+x86_64 0.1.3.3 36.00 172.00 208.00 NOTE

Check Details

Version: 0.1.3.3
Check: package subdirectories
Result: NOTE
    Problems with news in 'NEWS.md':
     Cannot extract version info from the following section titles:
     CalEquation function can calculate intercept in multiple regression model with interaction
     New arguments summarymode added to fit2newdata(), predict3d() and ggPredict()
     New arguments xlab, ylab and zlab added to predict3d()
     New function gg_color_hue() and theme_bw2() added
     Bug-fixed
     New function restoreData2(), restoreData3() added
     New function add_lines() added
     New function ggPredict() and predict3d() added
     New function fit2newdata() added
Flavors: r-devel-linux-x86_64-debian-clang, r-devel-linux-x86_64-debian-gcc, r-devel-linux-x86_64-fedora-clang, r-devel-linux-x86_64-fedora-gcc, r-devel-windows-x86_64

Version: 0.1.3.3
Check: LazyData
Result: NOTE
     'LazyData' is specified without a 'data' directory
Flavors: r-devel-linux-x86_64-debian-clang, r-devel-linux-x86_64-debian-gcc, r-devel-linux-x86_64-fedora-clang, r-devel-linux-x86_64-fedora-gcc, r-devel-windows-x86_64, r-patched-linux-x86_64, r-release-linux-x86_64, r-release-macos-arm64, r-release-macos-x86_64, r-release-windows-x86_64, r-oldrel-macos-arm64, r-oldrel-macos-x86_64, r-oldrel-windows-ix86+x86_64

Version: 0.1.3.3
Check: dependencies in R code
Result: NOTE
    Namespaces in Imports field not imported from:
     ‘TH.data’ ‘moonBook’
     All declared Imports should be used.
Flavors: r-devel-linux-x86_64-fedora-clang, r-devel-linux-x86_64-fedora-gcc, r-release-macos-arm64, r-release-macos-x86_64, r-oldrel-macos-arm64, r-oldrel-macos-x86_64