CRAN Package Check Results for Package primer

Last updated on 2022-08-07 04:53:45 CEST.

Flavor Version Tinstall Tcheck Ttotal Status Flags
r-devel-linux-x86_64-debian-clang 1.2.0 7.37 75.49 82.86 OK
r-devel-linux-x86_64-debian-gcc 1.2.0 6.45 56.62 63.07 OK
r-devel-linux-x86_64-fedora-clang 1.2.0 105.56 NOTE
r-devel-linux-x86_64-fedora-gcc 1.2.0 103.57 NOTE
r-devel-windows-x86_64 1.2.0 21.00 103.00 124.00 OK
r-patched-linux-x86_64 1.2.0 8.83 69.67 78.50 OK
r-release-linux-x86_64 1.2.0 6.84 69.57 76.41 OK
r-release-macos-arm64 1.2.0 33.00 NOTE
r-release-macos-x86_64 1.2.0 54.00 NOTE
r-release-windows-x86_64 1.2.0 26.00 105.00 131.00 OK
r-oldrel-macos-arm64 1.2.0 35.00 NOTE
r-oldrel-macos-x86_64 1.2.0 48.00 NOTE
r-oldrel-windows-ix86+x86_64 1.2.0 18.00 96.00 114.00 OK

Check Details

Version: 1.2.0
Check: dependencies in R code
Result: NOTE
    Namespaces in Imports field not imported from:
     ‘tidyr’ ‘utils’
     All declared Imports should be used.
Flavors: r-devel-linux-x86_64-fedora-clang, r-devel-linux-x86_64-fedora-gcc, r-release-macos-arm64, r-release-macos-x86_64, r-oldrel-macos-arm64, r-oldrel-macos-x86_64