CRAN Package Check Results for Package princurve

Last updated on 2022-09-30 04:59:17 CEST.

Flavor Version Tinstall Tcheck Ttotal Status Flags
r-devel-linux-x86_64-debian-clang 2.1.6 20.67 36.58 57.25 OK
r-devel-linux-x86_64-debian-gcc 2.1.6 14.03 28.20 42.23 OK
r-devel-linux-x86_64-fedora-clang 2.1.6 91.43 OK
r-devel-linux-x86_64-fedora-gcc 2.1.6 80.30 OK
r-devel-windows-x86_64 2.1.6 36.00 83.00 119.00 OK
r-patched-linux-x86_64 2.1.6 16.77 35.22 51.99 OK
r-release-linux-x86_64 2.1.6 15.34 35.68 51.02 OK
r-release-macos-arm64 2.1.6 24.00 OK
r-release-macos-x86_64 2.1.6 34.00 OK
r-release-windows-x86_64 2.1.6 31.00 83.00 114.00 OK
r-oldrel-macos-arm64 2.1.6 31.00 OK
r-oldrel-macos-x86_64 2.1.6 46.00 OK
r-oldrel-windows-ix86+x86_64 2.1.6 51.00 98.00 149.00 WARN

Check Details

Version: 2.1.6
Check: for unstated dependencies in ‘tests’
Result: WARN
    Warning: unable to access index for repository https://bioconductor.org/packages/3.14/bioc/src/contrib:
     cannot open URL 'https://bioconductor.org/packages/3.14/bioc/src/contrib/PACKAGES'
    Warning: unable to access index for repository https://bioconductor.org/packages/3.14/data/annotation/src/contrib:
     cannot open URL 'https://bioconductor.org/packages/3.14/data/annotation/src/contrib/PACKAGES'
    Warning: unable to access index for repository https://bioconductor.org/packages/3.14/data/experiment/src/contrib:
     cannot open URL 'https://bioconductor.org/packages/3.14/data/experiment/src/contrib/PACKAGES'
Flavor: r-oldrel-windows-ix86+x86_64