Last updated on 2023-10-02 05:06:46 CEST.
Flavor | Version | Tinstall | Tcheck | Ttotal | Status | Flags |
---|---|---|---|---|---|---|
r-devel-linux-x86_64-debian-clang | 8.0.3 | 577.54 | 493.41 | 1070.95 | NOTE | |
r-devel-linux-x86_64-debian-gcc | 8.0.3 | 403.75 | 360.05 | 763.80 | NOTE | |
r-devel-linux-x86_64-fedora-clang | 8.0.3 | 1508.25 | NOTE | |||
r-devel-linux-x86_64-fedora-gcc | 8.0.3 | 963.58 | NOTE | |||
r-devel-windows-x86_64 | 8.0.3 | 428.00 | 385.00 | 813.00 | NOTE | |
r-patched-linux-x86_64 | 8.0.3 | 573.04 | 478.82 | 1051.86 | NOTE | |
r-release-linux-x86_64 | 8.0.3 | 549.29 | 478.95 | 1028.24 | NOTE | |
r-release-macos-arm64 | 8.0.3 | 279.00 | NOTE | |||
r-release-macos-x86_64 | 8.0.3 | 387.00 | NOTE | |||
r-release-windows-x86_64 | 8.0.3 | 542.00 | 507.00 | 1049.00 | NOTE | |
r-oldrel-macos-arm64 | 8.0.3 | 239.00 | NOTE | |||
r-oldrel-macos-x86_64 | 8.0.3 | 378.00 | NOTE | |||
r-oldrel-windows-x86_64 | 8.0.3 | 536.00 | 431.00 | 967.00 | NOTE |
Version: 8.0.3
Check: package dependencies
Result: NOTE
Packages suggested but not available for checking:
'gurobi', 'rcbc', 'cplexAPI'
Flavors: r-devel-linux-x86_64-debian-clang, r-devel-linux-x86_64-debian-gcc, r-devel-linux-x86_64-fedora-clang, r-devel-linux-x86_64-fedora-gcc, r-devel-windows-x86_64, r-patched-linux-x86_64, r-release-linux-x86_64, r-release-macos-arm64, r-release-macos-x86_64, r-release-windows-x86_64, r-oldrel-macos-arm64, r-oldrel-macos-x86_64, r-oldrel-windows-x86_64
Version: 8.0.3
Check: installed package size
Result: NOTE
installed size is 8.8Mb
sub-directories of 1Mb or more:
R 1.3Mb
doc 4.7Mb
Flavors: r-devel-linux-x86_64-fedora-clang, r-devel-windows-x86_64, r-release-macos-arm64, r-release-macos-x86_64, r-release-windows-x86_64, r-oldrel-macos-arm64, r-oldrel-macos-x86_64, r-oldrel-windows-x86_64