CRAN Package Check Results for Package propr

Last updated on 2022-09-29 04:58:22 CEST.

Flavor Version Tinstall Tcheck Ttotal Status Flags
r-devel-linux-x86_64-debian-clang 4.2.6 75.04 166.46 241.50 NOTE
r-devel-linux-x86_64-debian-gcc 4.2.6 58.69 119.72 178.41 NOTE
r-devel-linux-x86_64-fedora-clang 4.2.6 362.99 NOTE
r-devel-linux-x86_64-fedora-gcc 4.2.6 340.94 NOTE
r-devel-windows-x86_64 4.2.6 194.00 247.00 441.00 NOTE
r-patched-linux-x86_64 4.2.6 63.65 158.34 221.99 NOTE
r-release-linux-x86_64 4.2.6 60.56 161.00 221.56 NOTE
r-release-macos-arm64 4.2.6 93.00 NOTE
r-release-macos-x86_64 4.2.6 150.00 NOTE
r-release-windows-x86_64 4.2.6 83.00 227.00 310.00 NOTE
r-oldrel-macos-arm64 4.2.6 98.00 NOTE
r-oldrel-macos-x86_64 4.2.6 128.00 NOTE
r-oldrel-windows-ix86+x86_64 4.2.6 185.00 246.00 431.00 NOTE

Check Details

Version: 4.2.6
Check: package dependencies
Result: NOTE
    Package suggested but not available for checking: 'SDMTools'
Flavors: r-devel-linux-x86_64-debian-clang, r-devel-linux-x86_64-debian-gcc, r-devel-linux-x86_64-fedora-clang, r-devel-linux-x86_64-fedora-gcc, r-devel-windows-x86_64, r-patched-linux-x86_64, r-release-linux-x86_64, r-release-macos-arm64, r-release-macos-x86_64, r-release-windows-x86_64

Version: 4.2.6
Check: dependencies in R code
Result: NOTE
    Namespace in Imports field not imported from: ‘utils’
     All declared Imports should be used.
Flavors: r-devel-linux-x86_64-fedora-clang, r-devel-linux-x86_64-fedora-gcc, r-release-macos-arm64, r-release-macos-x86_64, r-oldrel-macos-arm64, r-oldrel-macos-x86_64

Version: 4.2.6
Check: installed package size
Result: NOTE
     installed size is 5.9Mb
     sub-directories of 1Mb or more:
     data 1.5Mb
     doc 1.4Mb
     libs 2.4Mb
Flavors: r-release-macos-arm64, r-release-macos-x86_64, r-oldrel-macos-arm64, r-oldrel-macos-x86_64, r-oldrel-windows-ix86+x86_64

Version: 4.2.6
Check: package dependencies
Result: NOTE
    Packages suggested but not available for checking: 'ALDEx2', 'SDMTools'
Flavors: r-oldrel-macos-arm64, r-oldrel-macos-x86_64