CRAN Package Check Results for Package psdr

Last updated on 2022-12-10 03:57:38 CET.

Flavor Version Tinstall Tcheck Ttotal Status Flags
r-devel-linux-x86_64-debian-clang 1.0.1 3.17 74.42 77.59 OK
r-devel-linux-x86_64-debian-gcc 1.0.1 2.20 54.32 56.52 OK
r-devel-linux-x86_64-fedora-clang 1.0.1 101.76 NOTE
r-devel-linux-x86_64-fedora-gcc 1.0.1 110.32 NOTE
r-devel-windows-x86_64 1.0.1 19.00 107.00 126.00 OK
r-patched-linux-x86_64 1.0.1 3.63 64.99 68.62 OK
r-release-linux-x86_64 1.0.1 2.00 65.63 67.63 OK
r-release-macos-arm64 1.0.1 49.00 NOTE
r-release-macos-x86_64 1.0.1 89.00 NOTE
r-release-windows-x86_64 1.0.1 18.00 102.00 120.00 OK
r-oldrel-macos-arm64 1.0.1 132.00 NOTE
r-oldrel-macos-x86_64 1.0.1 67.00 NOTE
r-oldrel-windows-ix86+x86_64 1.0.1 10.00 93.00 103.00 OK

Check Details

Version: 1.0.1
Check: dependencies in R code
Result: NOTE
    Namespaces in Imports field not imported from:
     ‘devtools’ ‘qpdf’
     All declared Imports should be used.
Flavors: r-devel-linux-x86_64-fedora-clang, r-devel-linux-x86_64-fedora-gcc, r-release-macos-arm64, r-release-macos-x86_64, r-oldrel-macos-arm64, r-oldrel-macos-x86_64