Last updated on 2023-12-10 04:00:06 CET.
Flavor | Version | Tinstall | Tcheck | Ttotal | Status | Flags |
---|---|---|---|---|---|---|
r-devel-linux-x86_64-debian-clang | 1.3.1 | 4.83 | 190.21 | 195.04 | NOTE | |
r-devel-linux-x86_64-debian-gcc | 1.3.1 | 3.64 | 138.21 | 141.85 | NOTE | |
r-devel-linux-x86_64-fedora-clang | 1.3.1 | 238.04 | NOTE | |||
r-devel-linux-x86_64-fedora-gcc | 1.3.1 | 245.66 | NOTE | |||
r-devel-windows-x86_64 | 1.3.1 | 5.00 | 157.00 | 162.00 | NOTE | |
r-patched-linux-x86_64 | 1.3.1 | 4.17 | 182.09 | 186.26 | NOTE | |
r-release-linux-x86_64 | 1.3.1 | 3.99 | 182.73 | 186.72 | NOTE | |
r-release-macos-arm64 | 1.3.1 | 69.00 | NOTE | |||
r-release-macos-x86_64 | 1.3.1 | 150.00 | NOTE | |||
r-release-windows-x86_64 | 1.3.1 | 6.00 | 203.00 | 209.00 | NOTE | |
r-oldrel-macos-arm64 | 1.3.1 | 52.00 | NOTE | |||
r-oldrel-macos-x86_64 | 1.3.1 | 84.00 | NOTE | |||
r-oldrel-windows-x86_64 | 1.3.1 | 6.00 | 192.00 | 198.00 | NOTE |
Version: 1.3.1
Check: LazyData
Result: NOTE
'LazyData' is specified without a 'data' directory
Flavors: r-devel-linux-x86_64-debian-clang, r-devel-linux-x86_64-debian-gcc, r-devel-linux-x86_64-fedora-clang, r-devel-linux-x86_64-fedora-gcc, r-devel-windows-x86_64, r-patched-linux-x86_64, r-release-linux-x86_64, r-release-macos-arm64, r-release-macos-x86_64, r-release-windows-x86_64, r-oldrel-macos-arm64, r-oldrel-macos-x86_64, r-oldrel-windows-x86_64