Last updated on 2022-08-12 04:53:31 CEST.
Flavor | Version | Tinstall | Tcheck | Ttotal | Status | Flags |
---|---|---|---|---|---|---|
r-devel-linux-x86_64-debian-clang | 3.1 | 350.29 | 201.87 | 552.16 | NOTE | |
r-devel-linux-x86_64-debian-gcc | 3.1 | 323.78 | 160.78 | 484.56 | NOTE | |
r-devel-linux-x86_64-fedora-clang | 3.1 | 778.71 | NOTE | |||
r-devel-linux-x86_64-fedora-gcc | 3.1 | 811.86 | NOTE | |||
r-devel-windows-x86_64 | 3.1 | 1117.00 | 259.00 | 1376.00 | NOTE | |
r-patched-linux-x86_64 | 3.1 | 276.26 | 206.55 | 482.81 | NOTE | |
r-release-linux-x86_64 | 3.1 | 298.81 | 209.91 | 508.72 | NOTE | |
r-release-macos-arm64 | 3.1 | 193.00 | NOTE | |||
r-release-macos-x86_64 | 3.1 | 329.00 | NOTE | |||
r-release-windows-x86_64 | 3.1 | 291.00 | 262.00 | 553.00 | NOTE | |
r-oldrel-macos-arm64 | 3.1 | 202.00 | NOTE | |||
r-oldrel-macos-x86_64 | 3.1 | 243.00 | NOTE | |||
r-oldrel-windows-ix86+x86_64 | 3.1 | 417.00 | 234.00 | 651.00 | NOTE |
Version: 3.1
Check: for GNU extensions in Makefiles
Result: NOTE
GNU make is a SystemRequirements.
Flavors: r-devel-linux-x86_64-debian-clang, r-devel-linux-x86_64-debian-gcc, r-devel-linux-x86_64-fedora-clang, r-devel-linux-x86_64-fedora-gcc, r-devel-windows-x86_64, r-patched-linux-x86_64, r-release-linux-x86_64, r-release-macos-arm64, r-release-macos-x86_64, r-release-windows-x86_64, r-oldrel-macos-arm64, r-oldrel-macos-x86_64, r-oldrel-windows-ix86+x86_64
Version: 3.1
Check: installed package size
Result: NOTE
installed size is 37.7Mb
sub-directories of 1Mb or more:
libs 37.0Mb
Flavors: r-devel-linux-x86_64-fedora-clang, r-release-macos-arm64, r-release-macos-x86_64, r-oldrel-macos-arm64, r-oldrel-macos-x86_64