Last updated on 2023-09-25 05:01:33 CEST.
Flavor | Version | Tinstall | Tcheck | Ttotal | Status | Flags |
---|---|---|---|---|---|---|
r-devel-linux-x86_64-debian-clang | 2.8 | 9.16 | 28.10 | 37.26 | OK | |
r-devel-linux-x86_64-debian-gcc | 2.8 | 6.55 | 21.70 | 28.25 | OK | |
r-devel-linux-x86_64-fedora-clang | 2.8 | 51.89 | NOTE | |||
r-devel-linux-x86_64-fedora-gcc | 2.8 | 47.42 | NOTE | |||
r-devel-windows-x86_64 | 2.8 | 14.00 | 61.00 | 75.00 | OK | |
r-patched-linux-x86_64 | 2.8 | 8.13 | 27.18 | 35.31 | OK | |
r-release-linux-x86_64 | 2.8 | 9.50 | 27.04 | 36.54 | OK | |
r-release-macos-arm64 | 2.8 | 23.00 | OK | |||
r-release-macos-x86_64 | 2.8 | 33.00 | OK | |||
r-release-windows-x86_64 | 2.8 | 12.00 | 68.00 | 80.00 | OK | |
r-oldrel-macos-arm64 | 2.8 | 27.00 | OK | |||
r-oldrel-macos-x86_64 | 2.8 | 30.00 | OK | |||
r-oldrel-windows-x86_64 | 2.8 | 17.00 | 64.00 | 81.00 | OK |
Version: 2.8
Check: compiled code
Result: NOTE
File ‘ptinpoly/libs/ptinpoly.so’:
Found no calls to: ‘R_registerRoutines’, ‘R_useDynamicSymbols’
It is good practice to register native routines and to disable symbol
search.
See ‘Writing portable packages’ in the ‘Writing R Extensions’ manual.
Flavors: r-devel-linux-x86_64-fedora-clang, r-devel-linux-x86_64-fedora-gcc