Last updated on 2022-08-10 04:54:09 CEST.
Flavor | Version | Tinstall | Tcheck | Ttotal | Status | Flags |
---|---|---|---|---|---|---|
r-devel-linux-x86_64-debian-clang | 0.1.4 | 2.68 | 29.41 | 32.09 | NOTE | |
r-devel-linux-x86_64-debian-gcc | 0.1.4 | 2.05 | 23.10 | 25.15 | NOTE | |
r-devel-linux-x86_64-fedora-clang | 0.1.4 | 50.69 | NOTE | |||
r-devel-linux-x86_64-fedora-gcc | 0.1.4 | 48.96 | NOTE | |||
r-devel-windows-x86_64 | 0.1.4 | 15.00 | 62.00 | 77.00 | NOTE | |
r-patched-linux-x86_64 | 0.1.4 | 2.75 | 28.87 | 31.62 | NOTE | |
r-release-linux-x86_64 | 0.1.4 | NOTE | ||||
r-release-macos-arm64 | 0.1.4 | 19.00 | NOTE | |||
r-release-macos-x86_64 | 0.1.4 | 31.00 | NOTE | |||
r-release-windows-x86_64 | 0.1.4 | 13.00 | 57.00 | 70.00 | NOTE | |
r-oldrel-macos-arm64 | 0.1.4 | 21.00 | NOTE | |||
r-oldrel-macos-x86_64 | 0.1.4 | 29.00 | NOTE | |||
r-oldrel-windows-ix86+x86_64 | 0.1.4 | 6.00 | 49.00 | 55.00 | NOTE |
Version: 0.1.4
Check: LazyData
Result: NOTE
'LazyData' is specified without a 'data' directory
Flavors: r-devel-linux-x86_64-debian-clang, r-devel-linux-x86_64-debian-gcc, r-devel-linux-x86_64-fedora-clang, r-devel-linux-x86_64-fedora-gcc, r-devel-windows-x86_64, r-patched-linux-x86_64, r-release-linux-x86_64, r-release-macos-arm64, r-release-macos-x86_64, r-release-windows-x86_64, r-oldrel-macos-arm64, r-oldrel-macos-x86_64, r-oldrel-windows-ix86+x86_64