CRAN Package Check Results for Package qdap

Last updated on 2022-07-02 04:56:10 CEST.

Flavor Version Tinstall Tcheck Ttotal Status Flags
r-devel-linux-x86_64-debian-clang 2.4.3 40.74 277.57 318.31 OK
r-devel-linux-x86_64-debian-gcc 2.4.3 36.24 204.73 240.97 OK
r-devel-linux-x86_64-fedora-clang 2.4.3 382.51 NOTE
r-devel-linux-x86_64-fedora-gcc 2.4.3 390.86 OK
r-devel-windows-x86_64 2.4.3 193.00 332.00 525.00 OK
r-patched-linux-x86_64 2.4.3 42.69 263.82 306.51 OK
r-release-linux-x86_64 2.4.3 37.17 262.42 299.59 OK
r-release-macos-arm64 2.4.3 98.00 OK
r-release-macos-x86_64 2.4.3 164.00 OK
r-release-windows-x86_64 2.4.3 142.00 331.00 473.00 OK
r-oldrel-macos-arm64 2.4.3 148.00 OK
r-oldrel-macos-x86_64 2.4.3 202.00 OK
r-oldrel-windows-ix86+x86_64 2.4.3 77.00 304.00 381.00 OK

Check Details

Version: 2.4.3
Check: Rd cross-references
Result: NOTE
    Undeclared package ‘gplots’ in Rd xrefs
Flavor: r-devel-linux-x86_64-fedora-clang