Last updated on 2023-12-02 03:57:51 CET.
Flavor | Version | Tinstall | Tcheck | Ttotal | Status | Flags |
---|---|---|---|---|---|---|
r-devel-linux-x86_64-debian-clang | 1.3.2 | 154.00 | 29.51 | 183.51 | OK | |
r-devel-linux-x86_64-debian-gcc | 1.3.2 | 126.22 | 22.82 | 149.04 | OK | |
r-devel-linux-x86_64-fedora-clang | 1.3.2 | 379.77 | OK | |||
r-devel-linux-x86_64-fedora-gcc | 1.3.2 | 307.76 | OK | |||
r-devel-windows-x86_64 | 1.3.2 | 127.00 | 75.00 | 202.00 | OK | |
r-patched-linux-x86_64 | 1.3.2 | 143.68 | 28.57 | 172.25 | OK | |
r-release-linux-x86_64 | 1.3.2 | 153.35 | 28.50 | 181.85 | OK | |
r-release-macos-arm64 | 1.3.2 | 89.00 | NOTE | |||
r-release-macos-x86_64 | 1.3.2 | 127.00 | NOTE | |||
r-release-windows-x86_64 | 1.3.2 | 170.00 | 84.00 | 254.00 | OK | |
r-oldrel-macos-arm64 | 1.3.2 | 85.00 | NOTE | |||
r-oldrel-macos-x86_64 | 1.3.2 | 92.00 | NOTE | |||
r-oldrel-windows-x86_64 | 1.3.2 | 159.00 | 81.00 | 240.00 | OK |
Version: 1.3.2
Check: installed package size
Result: NOTE
installed size is 17.7Mb
sub-directories of 1Mb or more:
libs 17.6Mb
Flavors: r-release-macos-arm64, r-release-macos-x86_64, r-oldrel-macos-arm64, r-oldrel-macos-x86_64