CRAN Package Check Results for Package qpdf

Last updated on 2022-10-06 04:51:34 CEST.

Flavor Version Tinstall Tcheck Ttotal Status Flags
r-devel-linux-x86_64-debian-clang 1.2.0 119.39 29.95 149.34 OK
r-devel-linux-x86_64-debian-gcc 1.2.0 124.60 23.60 148.20 OK
r-devel-linux-x86_64-fedora-clang 1.2.0 328.55 OK
r-devel-linux-x86_64-fedora-gcc 1.2.0 256.47 OK
r-devel-windows-x86_64 1.2.0 165.00 90.00 255.00 OK
r-patched-linux-x86_64 1.2.0 130.76 29.69 160.45 OK
r-release-linux-x86_64 1.2.0 132.17 28.72 160.89 OK
r-release-macos-arm64 1.2.0 68.00 NOTE
r-release-macos-x86_64 1.2.0 91.00 NOTE
r-release-windows-x86_64 1.2.0 153.00 95.00 248.00 OK
r-oldrel-macos-arm64 1.2.0 62.00 NOTE
r-oldrel-macos-x86_64 1.2.0 97.00 NOTE
r-oldrel-windows-ix86+x86_64 1.2.0 375.00 93.00 468.00 NOTE

Check Details

Version: 1.2.0
Check: installed package size
Result: NOTE
     installed size is 16.0Mb
     sub-directories of 1Mb or more:
     libs 15.9Mb
Flavors: r-release-macos-arm64, r-release-macos-x86_64, r-oldrel-macos-arm64, r-oldrel-macos-x86_64, r-oldrel-windows-ix86+x86_64