Last updated on 2022-08-11 04:52:41 CEST.
Flavor | Version | Tinstall | Tcheck | Ttotal | Status | Flags |
---|---|---|---|---|---|---|
r-devel-linux-x86_64-debian-clang | 0.7.7 | 10.00 | 96.66 | 106.66 | OK | |
r-devel-linux-x86_64-debian-gcc | 0.7.7 | 8.66 | 70.80 | 79.46 | OK | |
r-devel-linux-x86_64-fedora-clang | 0.7.7 | 135.80 | NOTE | |||
r-devel-linux-x86_64-fedora-gcc | 0.7.7 | 132.75 | NOTE | |||
r-devel-windows-x86_64 | 0.7.7 | 42.00 | 130.00 | 172.00 | OK | |
r-patched-linux-x86_64 | 0.7.7 | 7.58 | 90.26 | 97.84 | OK | |
r-release-linux-x86_64 | 0.7.7 | OK | ||||
r-release-macos-arm64 | 0.7.7 | 44.00 | NOTE | |||
r-release-macos-x86_64 | 0.7.7 | 71.00 | NOTE | |||
r-release-windows-x86_64 | 0.7.7 | 59.00 | 142.00 | 201.00 | OK | |
r-oldrel-macos-arm64 | 0.7.7 | 44.00 | NOTE | |||
r-oldrel-macos-x86_64 | 0.7.7 | 50.00 | NOTE | |||
r-oldrel-windows-ix86+x86_64 | 0.7.7 | 24.00 | 124.00 | 148.00 | OK |
Version: 0.7.7
Check: data for non-ASCII characters
Result: NOTE
Note: found 8504 marked UTF-8 strings
Flavors: r-devel-linux-x86_64-fedora-clang, r-devel-linux-x86_64-fedora-gcc, r-release-macos-arm64, r-release-macos-x86_64, r-oldrel-macos-arm64, r-oldrel-macos-x86_64