CRAN Package Check Results for Package quiddich

Last updated on 2023-02-01 03:54:25 CET.

Flavor Version Tinstall Tcheck Ttotal Status Flags
r-devel-linux-x86_64-debian-clang 1.0.0 2.11 44.02 46.13 NOTE
r-devel-linux-x86_64-debian-gcc 1.0.0 1.83 32.94 34.77 NOTE
r-devel-linux-x86_64-fedora-clang 1.0.0 57.01 NOTE
r-devel-linux-x86_64-fedora-gcc 1.0.0 59.37 NOTE
r-devel-windows-x86_64 1.0.0 7.00 68.00 75.00 NOTE
r-patched-linux-x86_64 1.0.0 2.51 41.43 43.94 NOTE
r-release-linux-x86_64 1.0.0 3.47 43.10 46.57 NOTE
r-release-macos-arm64 1.0.0 20.00 NOTE
r-release-macos-x86_64 1.0.0 31.00 NOTE
r-release-windows-x86_64 1.0.0 10.00 76.00 86.00 NOTE
r-oldrel-macos-arm64 1.0.0 25.00 NOTE
r-oldrel-macos-x86_64 1.0.0 39.00 NOTE
r-oldrel-windows-ix86+x86_64 1.0.0 9.00 71.00 80.00 NOTE

Check Details

Version: 1.0.0
Check: LazyData
Result: NOTE
     'LazyData' is specified without a 'data' directory
Flavors: r-devel-linux-x86_64-debian-clang, r-devel-linux-x86_64-debian-gcc, r-devel-linux-x86_64-fedora-clang, r-devel-linux-x86_64-fedora-gcc, r-devel-windows-x86_64, r-patched-linux-x86_64, r-release-linux-x86_64, r-release-macos-arm64, r-release-macos-x86_64, r-release-windows-x86_64, r-oldrel-macos-arm64, r-oldrel-macos-x86_64, r-oldrel-windows-ix86+x86_64