CRAN Package Check Results for Package r2dictionary

Last updated on 2022-11-27 03:57:56 CET.

Flavor Version Tinstall Tcheck Ttotal Status Flags
r-devel-linux-x86_64-debian-clang 0.1 5.00 59.80 64.80 NOTE
r-devel-linux-x86_64-debian-gcc 0.1 3.85 64.80 68.65 NOTE
r-devel-linux-x86_64-fedora-clang 0.1 113.65 NOTE
r-devel-linux-x86_64-fedora-gcc 0.1 109.48 NOTE
r-devel-windows-x86_64 0.1 21.00 128.00 149.00 NOTE
r-patched-linux-x86_64 0.1 6.31 77.11 83.42 NOTE
r-release-linux-x86_64 0.1 5.38 78.20 83.58 NOTE
r-release-macos-arm64 0.1 32.00 NOTE
r-release-macos-x86_64 0.1 45.00 NOTE
r-release-windows-x86_64 0.1 23.00 124.00 147.00 NOTE
r-oldrel-macos-arm64 0.1 38.00 NOTE
r-oldrel-macos-x86_64 0.1 55.00 NOTE
r-oldrel-windows-ix86+x86_64 0.1 13.00 86.00 99.00 NOTE

Check Details

Version: 0.1
Check: LazyData
Result: NOTE
     'LazyData' is specified without a 'data' directory
Flavors: r-devel-linux-x86_64-debian-clang, r-devel-linux-x86_64-debian-gcc, r-devel-linux-x86_64-fedora-clang, r-devel-linux-x86_64-fedora-gcc, r-devel-windows-x86_64, r-patched-linux-x86_64, r-release-linux-x86_64, r-release-macos-arm64, r-release-macos-x86_64, r-release-windows-x86_64, r-oldrel-macos-arm64, r-oldrel-macos-x86_64, r-oldrel-windows-ix86+x86_64

Version: 0.1
Check: installed package size
Result: NOTE
     installed size is 5.0Mb
Flavor: r-devel-linux-x86_64-fedora-clang

Version: 0.1
Check: dependencies in R code
Result: NOTE
    Namespace in Imports field not imported from: ‘utils’
     All declared Imports should be used.
Flavors: r-devel-linux-x86_64-fedora-clang, r-devel-linux-x86_64-fedora-gcc, r-release-macos-arm64, r-release-macos-x86_64, r-oldrel-macos-arm64, r-oldrel-macos-x86_64