CRAN Package Check Results for Package r2shortcode

Last updated on 2022-11-27 03:57:56 CET.

Flavor Version Tinstall Tcheck Ttotal Status Flags
r-devel-linux-x86_64-debian-clang 0.1 2.48 25.36 27.84 NOTE
r-devel-linux-x86_64-debian-gcc 0.1 1.76 20.24 22.00 NOTE
r-devel-linux-x86_64-fedora-clang 0.1 46.24 NOTE
r-devel-linux-x86_64-fedora-gcc 0.1 44.12 NOTE
r-devel-windows-x86_64 0.1 17.00 58.00 75.00 NOTE
r-patched-linux-x86_64 0.1 1.95 24.71 26.66 NOTE
r-release-linux-x86_64 0.1 1.90 24.81 26.71 NOTE
r-release-macos-arm64 0.1 18.00 NOTE
r-release-macos-x86_64 0.1 23.00 NOTE
r-release-windows-x86_64 0.1 20.00 57.00 77.00 NOTE
r-oldrel-macos-arm64 0.1 24.00 NOTE
r-oldrel-macos-x86_64 0.1 25.00 NOTE
r-oldrel-windows-ix86+x86_64 0.1 6.00 51.00 57.00 NOTE

Check Details

Version: 0.1
Check: LazyData
Result: NOTE
     'LazyData' is specified without a 'data' directory
Flavors: r-devel-linux-x86_64-debian-clang, r-devel-linux-x86_64-debian-gcc, r-devel-linux-x86_64-fedora-clang, r-devel-linux-x86_64-fedora-gcc, r-devel-windows-x86_64, r-patched-linux-x86_64, r-release-linux-x86_64, r-release-macos-arm64, r-release-macos-x86_64, r-release-windows-x86_64, r-oldrel-macos-arm64, r-oldrel-macos-x86_64, r-oldrel-windows-ix86+x86_64

Version: 0.1
Check: dependencies in R code
Result: NOTE
    Namespace in Imports field not imported from: ‘magrittr’
     All declared Imports should be used.
Flavors: r-devel-linux-x86_64-fedora-clang, r-devel-linux-x86_64-fedora-gcc, r-release-macos-arm64, r-release-macos-x86_64, r-oldrel-macos-arm64, r-oldrel-macos-x86_64