Last updated on 2022-08-17 04:50:50 CEST.
Flavor | Version | Tinstall | Tcheck | Ttotal | Status | Flags |
---|---|---|---|---|---|---|
r-devel-linux-x86_64-debian-clang | 1.1.9 | 4.23 | 52.74 | 56.97 | OK | |
r-devel-linux-x86_64-debian-gcc | 1.1.9 | OK | ||||
r-devel-linux-x86_64-fedora-clang | 1.1.9 | 77.43 | NOTE | |||
r-devel-linux-x86_64-fedora-gcc | 1.1.9 | 92.15 | NOTE | |||
r-devel-windows-x86_64 | 1.1.9 | 8.00 | 101.00 | 109.00 | NOTE | |
r-patched-linux-x86_64 | 1.1.9 | 3.78 | 49.87 | 53.65 | OK | |
r-release-linux-x86_64 | 1.1.9 | 3.42 | 49.76 | 53.18 | OK | |
r-release-macos-arm64 | 1.1.9 | 34.00 | NOTE | |||
r-release-macos-x86_64 | 1.1.9 | 58.00 | NOTE | |||
r-release-windows-x86_64 | 1.1.9 | 16.00 | 90.00 | 106.00 | NOTE | |
r-oldrel-macos-arm64 | 1.1.9 | 40.00 | NOTE | |||
r-oldrel-macos-x86_64 | 1.1.9 | 50.00 | NOTE | |||
r-oldrel-windows-ix86+x86_64 | 1.1.9 | 12.00 | 82.00 | 94.00 | NOTE |
Version: 1.1.9
Check: installed package size
Result: NOTE
installed size is 5.7Mb
sub-directories of 1Mb or more:
doc 5.5Mb
Flavors: r-devel-linux-x86_64-fedora-clang, r-devel-windows-x86_64, r-release-macos-arm64, r-release-macos-x86_64, r-release-windows-x86_64, r-oldrel-macos-arm64, r-oldrel-macos-x86_64, r-oldrel-windows-ix86+x86_64
Version: 1.1.9
Check: dependencies in R code
Result: NOTE
Namespaces in Imports field not imported from:
‘Hmisc’ ‘car’ ‘dplyr’ ‘grid’ ‘gridExtra’ ‘knitr’ ‘lmerTest’ ‘tidyr’
All declared Imports should be used.
Flavors: r-devel-linux-x86_64-fedora-clang, r-devel-linux-x86_64-fedora-gcc, r-release-macos-arm64, r-release-macos-x86_64, r-oldrel-macos-arm64, r-oldrel-macos-x86_64