CRAN Package Check Results for Package raptr

Last updated on 2022-12-08 04:06:39 CET.

Flavor Version Tinstall Tcheck Ttotal Status Flags
r-devel-linux-x86_64-debian-clang 0.2.1 222.69 494.16 716.85 NOTE
r-devel-linux-x86_64-debian-gcc 0.2.1 194.40 358.72 553.12 NOTE
r-devel-linux-x86_64-fedora-clang 0.2.1 1017.45 NOTE
r-devel-linux-x86_64-fedora-gcc 0.2.1 918.67 NOTE
r-devel-windows-x86_64 0.2.1 200.00 519.00 719.00 NOTE
r-patched-linux-x86_64 0.2.1 198.27 463.19 661.46 NOTE
r-release-linux-x86_64 0.2.1 153.41 462.63 616.04 NOTE
r-release-macos-arm64 0.2.1 173.00 NOTE
r-release-macos-x86_64 0.2.1 279.00 NOTE
r-release-windows-x86_64 0.2.1 204.00 510.00 714.00 NOTE
r-oldrel-macos-arm64 0.2.1 133.00 NOTE
r-oldrel-macos-x86_64 0.2.1 277.00 NOTE
r-oldrel-windows-ix86+x86_64 0.2.1 525.00 765.00 1290.00 NOTE

Check Details

Version: 0.2.1
Check: package dependencies
Result: NOTE
    Package suggested but not available for checking: 'gurobi'
Flavors: r-devel-linux-x86_64-debian-clang, r-devel-linux-x86_64-debian-gcc, r-devel-linux-x86_64-fedora-clang, r-devel-linux-x86_64-fedora-gcc, r-devel-windows-x86_64, r-patched-linux-x86_64, r-release-linux-x86_64, r-release-macos-arm64, r-release-macos-x86_64, r-release-windows-x86_64, r-oldrel-macos-arm64, r-oldrel-macos-x86_64, r-oldrel-windows-ix86+x86_64

Version: 0.2.1
Check: installed package size
Result: NOTE
     installed size is 6.6Mb
     sub-directories of 1Mb or more:
     data 3.6Mb
     doc 1.5Mb
Flavors: r-devel-linux-x86_64-fedora-clang, r-devel-windows-x86_64, r-release-macos-arm64, r-release-macos-x86_64, r-release-windows-x86_64, r-oldrel-macos-arm64, r-oldrel-macos-x86_64, r-oldrel-windows-ix86+x86_64