CRAN Package Check Results for Package rayshader

Last updated on 2022-10-05 04:51:01 CEST.

Flavor Version Tinstall Tcheck Ttotal Status Flags
r-devel-linux-x86_64-debian-clang 0.24.10 112.81 147.87 260.68 OK
r-devel-linux-x86_64-debian-gcc 0.24.10 89.49 113.37 202.86 OK
r-devel-linux-x86_64-fedora-clang 0.24.10 385.86 OK
r-devel-linux-x86_64-fedora-gcc 0.24.10 345.31 OK
r-devel-windows-x86_64 0.24.10 132.00 235.00 367.00 OK
r-patched-linux-x86_64 0.24.10 101.34 141.68 243.02 OK
r-release-linux-x86_64 0.24.10 102.74 142.78 245.52 OK
r-release-macos-arm64 0.24.10 84.00 NOTE
r-release-macos-x86_64 0.24.10 116.00 NOTE
r-release-windows-x86_64 0.24.10 133.00 213.00 346.00 OK
r-oldrel-macos-arm64 0.24.10 106.00 NOTE
r-oldrel-macos-x86_64 0.24.10 131.00 NOTE
r-oldrel-windows-ix86+x86_64 0.24.10 274.00 231.00 505.00 NOTE

Check Details

Version: 0.24.10
Check: installed package size
Result: NOTE
     installed size is 6.9Mb
     sub-directories of 1Mb or more:
     data 2.9Mb
     libs 3.3Mb
Flavors: r-release-macos-arm64, r-release-macos-x86_64, r-oldrel-macos-arm64, r-oldrel-macos-x86_64, r-oldrel-windows-ix86+x86_64