Last updated on 2023-12-10 04:00:07 CET.
Flavor | Version | Tinstall | Tcheck | Ttotal | Status | Flags |
---|---|---|---|---|---|---|
r-devel-linux-x86_64-debian-clang | 1.2-0 | 475.88 | 242.55 | 718.43 | NOTE | |
r-devel-linux-x86_64-debian-gcc | 1.2-0 | 365.67 | 199.74 | 565.41 | NOTE | |
r-devel-linux-x86_64-fedora-clang | 1.2-0 | 915.31 | NOTE | |||
r-devel-linux-x86_64-fedora-gcc | 1.2-0 | 1072.26 | NOTE | |||
r-devel-windows-x86_64 | 1.2-0 | 358.00 | 227.00 | 585.00 | NOTE | |
r-patched-linux-x86_64 | 1.2-0 | 384.28 | 259.74 | 644.02 | NOTE | |
r-release-linux-x86_64 | 1.2-0 | 377.03 | 260.96 | 637.99 | NOTE | |
r-release-macos-arm64 | 1.2-0 | 309.00 | NOTE | |||
r-release-macos-x86_64 | 1.2-0 | 578.00 | NOTE | |||
r-release-windows-x86_64 | 1.2-0 | 441.00 | 272.00 | 713.00 | NOTE | |
r-oldrel-macos-arm64 | 1.2-0 | 307.00 | NOTE | |||
r-oldrel-macos-x86_64 | 1.2-0 | 397.00 | NOTE | |||
r-oldrel-windows-x86_64 | 1.2-0 | 408.00 | 258.00 | 666.00 | NOTE |
Version: 1.2-0
Check: Rd files
Result: NOTE
checkRd: (-1) dot-is_equal_rmInf.Rd:5: Lost braces; missing escapes or markup?
5 | \title{Check if two vectors \code{x} and {y} are equal after remove \code{Inf}}
| ^
checkRd: (-1) dot-is_equal_rmInf.Rd:18: Lost braces; missing escapes or markup?
18 | Check if two vectors \code{x} and {y} are equal after remove \code{Inf}
| ^
Flavors: r-devel-linux-x86_64-debian-clang, r-devel-linux-x86_64-debian-gcc
Version: 1.2-0
Check: for GNU extensions in Makefiles
Result: NOTE
GNU make is a SystemRequirements.
Flavors: r-devel-linux-x86_64-debian-clang, r-devel-linux-x86_64-debian-gcc, r-devel-linux-x86_64-fedora-clang, r-devel-linux-x86_64-fedora-gcc, r-devel-windows-x86_64, r-patched-linux-x86_64, r-release-linux-x86_64, r-release-macos-arm64, r-release-macos-x86_64, r-release-windows-x86_64, r-oldrel-macos-arm64, r-oldrel-macos-x86_64, r-oldrel-windows-x86_64
Version: 1.2-0
Check: installed package size
Result: NOTE
installed size is 5.6Mb
sub-directories of 1Mb or more:
libs 4.9Mb
Flavors: r-devel-linux-x86_64-fedora-clang, r-release-macos-arm64, r-release-macos-x86_64, r-oldrel-macos-arm64, r-oldrel-macos-x86_64