CRAN Package Check Results for Package rcdd

Last updated on 2022-11-26 03:58:16 CET.

Flavor Version Tinstall Tcheck Ttotal Status Flags
r-devel-linux-x86_64-debian-clang 1.5 21.98 59.26 81.24 WARN
r-devel-linux-x86_64-debian-gcc 1.5 16.13 46.89 63.02 WARN
r-devel-linux-x86_64-fedora-clang 1.5 111.67 WARN
r-devel-linux-x86_64-fedora-gcc 1.5 111.78 WARN
r-devel-windows-x86_64 1.5 76.00 128.00 204.00 OK
r-patched-linux-x86_64 1.5 OK
r-release-linux-x86_64 1.5 17.74 56.96 74.70 OK
r-release-macos-arm64 1.5 45.00 OK
r-release-macos-x86_64 1.5 64.00 OK
r-release-windows-x86_64 1.5 46.00 114.00 160.00 OK
r-oldrel-macos-arm64 1.5 51.00 OK
r-oldrel-macos-x86_64 1.5 64.00 OK
r-oldrel-windows-ix86+x86_64 1.5 55.00 91.00 146.00 OK

Check Details

Version: 1.5
Check: whether package can be installed
Result: WARN
    Found the following significant warnings:
     cddmp.c:23:29: warning: a function declaration without a prototype is deprecated in all versions of C [-Wstrict-prototypes]
     cddmp.c:63:30: warning: a function declaration without a prototype is deprecated in all versions of C [-Wstrict-prototypes]
     cddmp_f.c:24:30: warning: a function declaration without a prototype is deprecated in all versions of C [-Wstrict-prototypes]
     cddmp_f.c:64:31: warning: a function declaration without a prototype is deprecated in all versions of C [-Wstrict-prototypes]
     nonred.c:99:23: warning: a function declaration without a prototype is deprecated in all versions of C [-Wstrict-prototypes]
Flavors: r-devel-linux-x86_64-debian-clang, r-devel-linux-x86_64-fedora-clang

Version: 1.5
Check: whether package can be installed
Result: WARN
    Found the following significant warnings:
     nonred.c:99:13: warning: function declaration isn’t a prototype [-Wstrict-prototypes]
Flavors: r-devel-linux-x86_64-debian-gcc, r-devel-linux-x86_64-fedora-gcc