CRAN Package Check Results for Package rcorpora

Last updated on 2022-11-27 03:57:57 CET.

Flavor Version Tinstall Tcheck Ttotal Status Flags
r-devel-linux-x86_64-debian-clang 2.0.0 4.84 26.75 31.59 OK
r-devel-linux-x86_64-debian-gcc 2.0.0 3.76 20.99 24.75 OK
r-devel-linux-x86_64-fedora-clang 2.0.0 49.61 NOTE
r-devel-linux-x86_64-fedora-gcc 2.0.0 47.21 OK
r-devel-windows-x86_64 2.0.0 461.00 57.00 518.00 NOTE
r-patched-linux-x86_64 2.0.0 4.48 25.24 29.72 OK
r-release-linux-x86_64 2.0.0 4.74 25.73 30.47 OK
r-release-macos-arm64 2.0.0 17.00 NOTE
r-release-macos-x86_64 2.0.0 25.00 NOTE
r-release-windows-x86_64 2.0.0 279.00 62.00 341.00 NOTE
r-oldrel-macos-arm64 2.0.0 19.00 NOTE
r-oldrel-macos-x86_64 2.0.0 34.00 NOTE
r-oldrel-windows-ix86+x86_64 2.0.0 11.00 53.00 64.00 NOTE

Check Details

Version: 2.0.0
Check: installed package size
Result: NOTE
     installed size is 7.8Mb
     sub-directories of 1Mb or more:
     corpora 7.6Mb
Flavors: r-devel-linux-x86_64-fedora-clang, r-devel-windows-x86_64, r-release-macos-arm64, r-release-macos-x86_64, r-release-windows-x86_64, r-oldrel-macos-arm64, r-oldrel-macos-x86_64, r-oldrel-windows-ix86+x86_64