CRAN Package Check Results for Package readbulk

Last updated on 2022-09-25 04:53:05 CEST.

Flavor Version Tinstall Tcheck Ttotal Status Flags
r-devel-linux-x86_64-debian-clang 1.1.3 2.15 22.00 24.15 NOTE
r-devel-linux-x86_64-debian-gcc 1.1.3 1.49 17.56 19.05 NOTE
r-devel-linux-x86_64-fedora-clang 1.1.3 40.02 NOTE
r-devel-linux-x86_64-fedora-gcc 1.1.3 39.19 NOTE
r-devel-windows-x86_64 1.1.3 8.00 46.00 54.00 NOTE
r-patched-linux-x86_64 1.1.3 2.24 21.57 23.81 NOTE
r-release-linux-x86_64 1.1.3 1.97 21.18 23.15 NOTE
r-release-macos-arm64 1.1.3 14.00 NOTE
r-release-macos-x86_64 1.1.3 20.00 NOTE
r-release-windows-x86_64 1.1.3 9.00 46.00 55.00 NOTE
r-oldrel-macos-arm64 1.1.3 16.00 NOTE
r-oldrel-macos-x86_64 1.1.3 22.00 NOTE
r-oldrel-windows-ix86+x86_64 1.1.3 5.00 45.00 50.00 NOTE

Check Details

Version: 1.1.3
Check: LazyData
Result: NOTE
     'LazyData' is specified without a 'data' directory
Flavors: r-devel-linux-x86_64-debian-clang, r-devel-linux-x86_64-debian-gcc, r-devel-linux-x86_64-fedora-clang, r-devel-linux-x86_64-fedora-gcc, r-devel-windows-x86_64, r-patched-linux-x86_64, r-release-linux-x86_64, r-release-macos-arm64, r-release-macos-x86_64, r-release-windows-x86_64, r-oldrel-macos-arm64, r-oldrel-macos-x86_64, r-oldrel-windows-ix86+x86_64