CRAN Package Check Results for Package readroper

Last updated on 2023-02-06 03:54:42 CET.

Flavor Version Tinstall Tcheck Ttotal Status Flags
r-devel-linux-x86_64-debian-clang 0.9.3 1.71 28.41 30.12 NOTE
r-devel-linux-x86_64-debian-gcc 0.9.3 1.69 21.58 23.27 NOTE
r-devel-linux-x86_64-fedora-clang 0.9.3 39.24 NOTE
r-devel-linux-x86_64-fedora-gcc 0.9.3 49.24 NOTE
r-devel-windows-x86_64 0.9.3 10.00 69.00 79.00 NOTE
r-patched-linux-x86_64 0.9.3 1.38 28.74 30.12 NOTE
r-release-linux-x86_64 0.9.3 2.15 28.16 30.31 NOTE
r-release-macos-arm64 0.9.3 20.00 NOTE
r-release-macos-x86_64 0.9.3 42.00 NOTE
r-release-windows-x86_64 0.9.3 9.00 66.00 75.00 NOTE
r-oldrel-macos-arm64 0.9.3 18.00 NOTE
r-oldrel-macos-x86_64 0.9.3 30.00 NOTE
r-oldrel-windows-ix86+x86_64 0.9.3 6.00 54.00 60.00 NOTE

Check Details

Version: 0.9.3
Check: LazyData
Result: NOTE
     'LazyData' is specified without a 'data' directory
Flavors: r-devel-linux-x86_64-debian-clang, r-devel-linux-x86_64-debian-gcc, r-devel-linux-x86_64-fedora-clang, r-devel-linux-x86_64-fedora-gcc, r-devel-windows-x86_64, r-patched-linux-x86_64, r-release-linux-x86_64, r-release-macos-arm64, r-release-macos-x86_64, r-release-windows-x86_64, r-oldrel-macos-arm64, r-oldrel-macos-x86_64, r-oldrel-windows-ix86+x86_64