CRAN Package Check Results for Package reda

Last updated on 2022-12-05 03:55:09 CET.

Flavor Version Tinstall Tcheck Ttotal Status Flags
r-devel-linux-x86_64-debian-clang 0.5.4 61.17 116.85 178.02 OK
r-devel-linux-x86_64-debian-gcc 0.5.4 54.04 86.01 140.05 OK
r-devel-linux-x86_64-fedora-clang 0.5.4 257.65 OK
r-devel-linux-x86_64-fedora-gcc 0.5.4 237.62 OK
r-devel-windows-x86_64 0.5.4 83.00 174.00 257.00 NOTE
r-patched-linux-x86_64 0.5.4 55.34 110.34 165.68 OK
r-release-linux-x86_64 0.5.4 61.02 104.40 165.42 OK
r-release-macos-arm64 0.5.4 65.00 NOTE
r-release-macos-x86_64 0.5.4 83.00 NOTE
r-release-windows-x86_64 0.5.4 85.00 170.00 255.00 NOTE
r-oldrel-macos-arm64 0.5.4 61.00 NOTE
r-oldrel-macos-x86_64 0.5.4 87.00 NOTE
r-oldrel-windows-ix86+x86_64 0.5.4 162.00 191.00 353.00 NOTE

Check Details

Version: 0.5.4
Check: installed package size
Result: NOTE
     installed size is 5.0Mb
     sub-directories of 1Mb or more:
     doc 3.3Mb
     libs 1.1Mb
Flavors: r-devel-windows-x86_64, r-release-macos-arm64, r-release-macos-x86_64, r-release-windows-x86_64, r-oldrel-macos-arm64, r-oldrel-macos-x86_64, r-oldrel-windows-ix86+x86_64