CRAN Package Check Results for Package redist

Last updated on 2022-11-26 03:58:17 CET.

Flavor Version Tinstall Tcheck Ttotal Status Flags
r-devel-linux-x86_64-debian-clang 4.0.1 471.21 403.00 874.21 OK
r-devel-linux-x86_64-debian-gcc 4.0.1 361.03 285.43 646.46 OK
r-devel-linux-x86_64-fedora-clang 4.0.1 1222.37 NOTE
r-devel-linux-x86_64-fedora-gcc 4.0.1 1091.35 OK
r-devel-windows-x86_64 4.0.1 396.00 525.00 921.00 NOTE
r-patched-linux-x86_64 4.0.1 OK
r-release-linux-x86_64 4.0.1 301.31 348.82 650.13 OK
r-release-macos-arm64 4.0.1 225.00 NOTE
r-release-macos-x86_64 4.0.1 342.00 NOTE
r-release-windows-x86_64 4.0.1 607.00 512.00 1119.00 NOTE
r-oldrel-macos-arm64 4.0.1 207.00 NOTE
r-oldrel-macos-x86_64 4.0.1 346.00 NOTE
r-oldrel-windows-ix86+x86_64 4.0.1 1098.00 647.00 1745.00 NOTE

Check Details

Version: 4.0.1
Check: installed package size
Result: NOTE
     installed size is 5.4Mb
     sub-directories of 1Mb or more:
     data 1.2Mb
     libs 1.4Mb
Flavors: r-devel-linux-x86_64-fedora-clang, r-devel-windows-x86_64, r-release-macos-arm64, r-release-macos-x86_64, r-release-windows-x86_64, r-oldrel-macos-arm64, r-oldrel-macos-x86_64, r-oldrel-windows-ix86+x86_64

Version: 4.0.1
Check: package dependencies
Result: NOTE
    Package suggested but not available for checking: ‘Rmpi’
Flavors: r-release-macos-arm64, r-release-macos-x86_64, r-oldrel-macos-arm64, r-oldrel-macos-x86_64