Last updated on 2023-03-24 03:54:27 CET.
Flavor | Version | Tinstall | Tcheck | Ttotal | Status | Flags |
---|---|---|---|---|---|---|
r-devel-linux-x86_64-debian-clang | 1.0.3 | 28.59 | 392.37 | 420.96 | NOTE | |
r-devel-linux-x86_64-debian-gcc | 1.0.3 | 24.02 | 404.60 | 428.62 | NOTE | |
r-devel-linux-x86_64-fedora-clang | 1.0.3 | 509.06 | NOTE | |||
r-devel-linux-x86_64-fedora-gcc | 1.0.3 | 491.34 | NOTE | |||
r-patched-linux-x86_64 | 1.0.3 | 29.06 | 490.61 | 519.67 | NOTE | |
r-release-linux-x86_64 | 1.0.3 | 26.67 | 498.22 | 524.89 | NOTE | |
r-release-macos-arm64 | 1.0.3 | 186.00 | NOTE | |||
r-release-macos-x86_64 | 1.0.3 | 249.00 | NOTE | |||
r-release-windows-x86_64 | 1.0.3 | 46.00 | 440.00 | 486.00 | NOTE | |
r-oldrel-macos-arm64 | 1.0.3 | 115.00 | NOTE | |||
r-oldrel-macos-x86_64 | 1.0.3 | 237.00 | NOTE | |||
r-oldrel-windows-ix86+x86_64 | 1.0.3 | 63.00 | 530.00 | 593.00 | NOTE |
Version: 1.0.3
Check: LazyData
Result: NOTE
'LazyData' is specified without a 'data' directory
Flavors: r-devel-linux-x86_64-debian-clang, r-devel-linux-x86_64-debian-gcc, r-devel-linux-x86_64-fedora-clang, r-devel-linux-x86_64-fedora-gcc, r-patched-linux-x86_64, r-release-linux-x86_64, r-release-macos-arm64, r-release-macos-x86_64, r-release-windows-x86_64, r-oldrel-macos-arm64, r-oldrel-macos-x86_64, r-oldrel-windows-ix86+x86_64