CRAN Package Check Results for Package renv

Last updated on 2022-10-02 04:50:05 CEST.

Flavor Version Tinstall Tcheck Ttotal Status Flags
r-devel-linux-x86_64-debian-clang 0.16.0 18.37 241.16 259.53 OK
r-devel-linux-x86_64-debian-gcc 0.16.0 12.60 184.30 196.90 OK
r-devel-linux-x86_64-fedora-clang 0.16.0 366.05 OK
r-devel-linux-x86_64-fedora-gcc 0.16.0 351.04 OK
r-devel-windows-x86_64 0.16.0 156.00 174.00 330.00 OK
r-patched-linux-x86_64 0.16.0 18.03 232.93 250.96 OK
r-release-linux-x86_64 0.15.5 15.82 232.82 248.64 OK
r-release-macos-arm64 0.16.0 61.00 OK
r-release-macos-x86_64 0.16.0 93.00 OK
r-release-windows-x86_64 0.16.0 123.00 150.00 273.00 OK
r-oldrel-macos-arm64 0.16.0 64.00 OK
r-oldrel-macos-x86_64 0.16.0 106.00 OK
r-oldrel-windows-ix86+x86_64 0.16.0 30.00 135.00 165.00 WARN

Check Details

Version: 0.16.0
Check: for unstated dependencies in ‘tests’
Result: WARN
    Warning: unable to access index for repository https://bioconductor.org/packages/3.14/bioc/src/contrib:
     cannot open URL 'https://bioconductor.org/packages/3.14/bioc/src/contrib/PACKAGES'
    Warning: unable to access index for repository https://bioconductor.org/packages/3.14/data/annotation/src/contrib:
     cannot open URL 'https://bioconductor.org/packages/3.14/data/annotation/src/contrib/PACKAGES'
    Warning: unable to access index for repository https://bioconductor.org/packages/3.14/data/experiment/src/contrib:
     cannot open URL 'https://bioconductor.org/packages/3.14/data/experiment/src/contrib/PACKAGES'
Flavor: r-oldrel-windows-ix86+x86_64