CRAN Package Check Results for Package rerddapXtracto

Last updated on 2023-03-27 04:53:22 CEST.

Flavor Version Tinstall Tcheck Ttotal Status Flags
r-devel-linux-x86_64-debian-clang 1.1.4 4.02 61.67 65.69 OK
r-devel-linux-x86_64-debian-gcc 1.1.4 3.77 47.44 51.21 OK
r-devel-linux-x86_64-fedora-clang 1.1.4 88.62 OK
r-devel-linux-x86_64-fedora-gcc 1.1.4 89.20 OK
r-patched-linux-x86_64 1.1.4 3.12 59.30 62.42 OK
r-release-linux-x86_64 1.1.4 3.05 62.14 65.19 OK
r-release-macos-arm64 1.1.4 31.00 OK
r-release-macos-x86_64 1.1.4 42.00 OK
r-release-windows-x86_64 1.1.4 42.00 100.00 142.00 OK
r-oldrel-macos-arm64 1.1.4 33.00 OK
r-oldrel-macos-x86_64 1.1.4 46.00 OK
r-oldrel-windows-ix86+x86_64 1.1.4 10.00 90.00 100.00 NOTE

Check Details

Version: 1.1.4
Check: dependencies in R code
Result: NOTE
    Initiating curl with CURL_SSL_BACKEND: openssl
Flavor: r-oldrel-windows-ix86+x86_64