CRAN Package Check Results for Package resemble

Last updated on 2022-12-05 03:55:09 CET.

Flavor Version Tinstall Tcheck Ttotal Status Flags
r-devel-linux-x86_64-debian-clang 2.2.1 84.24 344.64 428.88 OK
r-devel-linux-x86_64-debian-gcc 2.2.1 63.31 266.54 329.85 OK
r-devel-linux-x86_64-fedora-clang 2.2.1 541.70 OK
r-devel-linux-x86_64-fedora-gcc 2.2.1 526.53 OK
r-devel-windows-x86_64 2.2.1 94.00 415.00 509.00 OK
r-patched-linux-x86_64 2.2.1 77.18 324.97 402.15 OK
r-release-linux-x86_64 2.2.1 70.69 323.60 394.29 OK
r-release-macos-arm64 2.2.1 206.00 NOTE
r-release-macos-x86_64 2.2.1 226.00 NOTE
r-release-windows-x86_64 2.2.1 85.00 416.00 501.00 OK
r-oldrel-macos-arm64 2.2.1 173.00 NOTE
r-oldrel-macos-x86_64 2.2.1 229.00 NOTE
r-oldrel-windows-ix86+x86_64 2.2.1 180.00 525.00 705.00 NOTE

Check Details

Version: 2.2.1
Check: installed package size
Result: NOTE
     installed size is 8.8Mb
     sub-directories of 1Mb or more:
     doc 1.6Mb
     libs 6.6Mb
Flavors: r-release-macos-arm64, r-release-macos-x86_64, r-oldrel-macos-arm64, r-oldrel-macos-x86_64, r-oldrel-windows-ix86+x86_64